{"version":"1.0","provider_name":"Proligna","provider_url":"https:\/\/proligna.cl","author_name":"admin","author_url":"https:\/\/proligna.cl\/index.php\/author\/proligna\/","title":"Pol\u00edtica de Privacidad - Proligna","type":"rich","width":600,"height":338,"html":"<blockquote class=\"wp-embedded-content\" data-secret=\"aToSASFh9z\"><a href=\"https:\/\/proligna.cl\/index.php\/politica-de-privacidad\/\">Pol\u00edtica de Privacidad<\/a><\/blockquote><iframe sandbox=\"allow-scripts\" security=\"restricted\" src=\"https:\/\/proligna.cl\/index.php\/politica-de-privacidad\/embed\/#?secret=aToSASFh9z\" width=\"600\" height=\"338\" title=\"\u00abPol\u00edtica de Privacidad\u00bb \u2014 Proligna\" data-secret=\"aToSASFh9z\" frameborder=\"0\" marginwidth=\"0\" marginheight=\"0\" scrolling=\"no\" class=\"wp-embedded-content\"><\/iframe><script>\n\/*! This file is auto-generated *\/\n!function(d,l){\"use strict\";l.querySelector&&d.addEventListener&&\"undefined\"!=typeof URL&&(d.wp=d.wp||{},d.wp.receiveEmbedMessage||(d.wp.receiveEmbedMessage=function(e){var t=e.data;if((t||t.secret||t.message||t.value)&&!\/[^a-zA-Z0-9]\/.test(t.secret)){for(var s,r,n,a=l.querySelectorAll('iframe[data-secret=\"'+t.secret+'\"]'),o=l.querySelectorAll('blockquote[data-secret=\"'+t.secret+'\"]'),c=new RegExp(\"^https?:$\",\"i\"),i=0;i<o.length;i++)o[i].style.display=\"none\";for(i=0;i<a.length;i++)s=a[i],e.source===s.contentWindow&&(s.removeAttribute(\"style\"),\"height\"===t.message?(1e3<(r=parseInt(t.value,10))?r=1e3:~~r<200&&(r=200),s.height=r):\"link\"===t.message&&(r=new URL(s.getAttribute(\"src\")),n=new URL(t.value),c.test(n.protocol))&&n.host===r.host&&l.activeElement===s&&(d.top.location.href=t.value))}},d.addEventListener(\"message\",d.wp.receiveEmbedMessage,!1),l.addEventListener(\"DOMContentLoaded\",function(){for(var e,t,s=l.querySelectorAll(\"iframe.wp-embedded-content\"),r=0;r<s.length;r++)(t=(e=s[r]).getAttribute(\"data-secret\"))||(t=Math.random().toString(36).substring(2,12),e.src+=\"#?secret=\"+t,e.setAttribute(\"data-secret\",t)),e.contentWindow.postMessage({message:\"ready\",secret:t},\"*\")},!1)))}(window,document);\n\/\/# sourceURL=https:\/\/proligna.cl\/wp-includes\/js\/wp-embed.min.js\n<\/script>\n","description":"Pol\u00edtica de Privacidad En Proligna Limitada respetamos y protegemos la privacidad de nuestros usuarios. El objetivo de esta Pol\u00edtica de Privacidad es informarte de manera transparente sobre qu\u00e9 datos personales recopilamos, c\u00f3mo los utilizamos y cu\u00e1les son tus derechos en relaci\u00f3n con ellos. 1. Responsable del tratamiento de los datos 2. Datos que recopilamos Los datos personales que podemos recopilar incluyen: No recopilamos datos sensibles salvo que sea estrictamente necesario y con tu consentimiento expreso. 3. Finalidad del tratamiento Los datos personales se utilizan con los siguientes fines: 4. Conservaci\u00f3n de los datos Los datos personales se conservar\u00e1n \u00fanicamente durante el tiempo necesario para cumplir con la finalidad para la que fueron recabados o mientras exista una relaci\u00f3n contractual o comercial. 5. Derechos de los usuarios El usuario podr\u00e1 ejercer los siguientes derechos sobre sus datos personales: Para ejercer estos derechos, puedes escribirnos a contacto@proligna.cl, indicando claramente tu solicitud. 6. Seguridad de los datos Adoptamos medidas t\u00e9cnicas y organizativas adecuadas para garantizar la seguridad de los datos personales y evitar su p\u00e9rdida, mal uso o acceso no autorizado. 7. Transferencia de datos a terceros No compartimos datos personales con terceros, salvo obligaci\u00f3n legal o cuando sea necesario para la prestaci\u00f3n de servicios (por ejemplo, empresas de transporte o proveedores tecnol\u00f3gicos), siempre bajo los debidos contratos de confidencialidad. 8. Uso de cookies Este sitio utiliza cookies para mejorar la experiencia de navegaci\u00f3n. Para m\u00e1s informaci\u00f3n, revisa nuestra Pol\u00edtica de Cookies. 9. Cambios en la pol\u00edtica de privacidad Proligna Limitada se reserva el derecho de modificar esta Pol\u00edtica de Privacidad en cualquier momento. Los cambios ser\u00e1n publicados en esta misma p\u00e1gina. 10. Legislaci\u00f3n aplicable Esta Pol\u00edtica de Privacidad se rige por la legislaci\u00f3n chilena y, en su caso, por el Reglamento General de Protecci\u00f3n de Datos (RGPD) si los servicios se prestan a usuarios ubicados en la Uni\u00f3n Europea.","thumbnail_url":"https:\/\/proligna.cl\/wp-content\/uploads\/2025\/11\/cropped-Logo.png","thumbnail_width":512,"thumbnail_height":512}

Política de Privacidad - Proligna

<blockquote class="wp-embedded-content" data-secret="aToSASFh9z"><a href="https://proligna.cl/index.php/politica-de-privacidad/">Política de Privacidad</a></blockquote><iframe sandbox="allow-scripts" security="restricted" src="https://proligna.cl/index.php/politica-de-privacidad/embed/#?secret=aToSASFh9z" width="600" height="338" title="«Política de Privacidad» — Proligna" data-secret="aToSASFh9z" frameborder="0" marginwidth="0" marginheight="0" scrolling="no" class="wp-embedded-content"></iframe><script>
/*! This file is auto-generated */
!function(d,l){"use strict";l.querySelector&&d.addEventListener&&"undefined"!=typeof URL&&(d.wp=d.wp||{},d.wp.receiveEmbedMessage||(d.wp.receiveEmbedMessage=function(e){var t=e.data;if((t||t.secret||t.message||t.value)&&!/[^a-zA-Z0-9]/.test(t.secret)){for(var s,r,n,a=l.querySelectorAll('iframe[data-secret="'+t.secret+'"]'),o=l.querySelectorAll('blockquote[data-secret="'+t.secret+'"]'),c=new RegExp("^https?:$","i"),i=0;i<o.length;i++)o[i].style.display="none";for(i=0;i<a.length;i++)s=a[i],e.source===s.contentWindow&&(s.removeAttribute("style"),"height"===t.message?(1e3<(r=parseInt(t.value,10))?r=1e3:~~r<200&&(r=200),s.height=r):"link"===t.message&&(r=new URL(s.getAttribute("src")),n=new URL(t.value),c.test(n.protocol))&&n.host===r.host&&l.activeElement===s&&(d.top.location.href=t.value))}},d.addEventListener("message",d.wp.receiveEmbedMessage,!1),l.addEventListener("DOMContentLoaded",function(){for(var e,t,s=l.querySelectorAll("iframe.wp-embedded-content"),r=0;r<s.length;r++)(t=(e=s[r]).getAttribute("data-secret"))||(t=Math.random().toString(36).substring(2,12),e.src+="#?secret="+t,e.setAttribute("data-secret",t)),e.contentWindow.postMessage({message:"ready",secret:t},"*")},!1)))}(window,document);
//# sourceURL=https://proligna.cl/wp-includes/js/wp-embed.min.js
</script>

Política de Privacidad En Proligna Limitada respetamos y protegemos la privacidad de nuestros usuarios. El objetivo de esta Política de Privacidad es informarte de manera transparente sobre qué datos personales recopilamos, cómo los utilizamos y cuáles son tus derechos en relación con ellos. 1. Responsable del tratamiento de los datos 2. Datos que recopilamos Los datos personales que podemos recopilar incluyen: No recopilamos datos sensibles salvo que sea estrictamente necesario y con tu consentimiento expreso. 3. Finalidad del tratamiento Los datos personales se utilizan con los siguientes fines: 4. Conservación de los datos Los datos personales se conservarán únicamente durante el tiempo necesario para cumplir con la finalidad para la que fueron recabados o mientras exista una relación contractual o comercial. 5. Derechos de los usuarios El usuario podrá ejercer los siguientes derechos sobre sus datos personales: Para ejercer estos derechos, puedes escribirnos a contacto@proligna.cl, indicando claramente tu solicitud. 6. Seguridad de los datos Adoptamos medidas técnicas y organizativas adecuadas para garantizar la seguridad de los datos personales y evitar su pérdida, mal uso o acceso no autorizado. 7. Transferencia de datos a terceros No compartimos datos personales con terceros, salvo obligación legal o cuando sea necesario para la prestación de servicios (por ejemplo, empresas de transporte o proveedores tecnológicos), siempre bajo los debidos contratos de confidencialidad. 8. Uso de cookies Este sitio utiliza cookies para mejorar la experiencia de navegación. Para más información, revisa nuestra Política de Cookies. 9. Cambios en la política de privacidad Proligna Limitada se reserva el derecho de modificar esta Política de Privacidad en cualquier momento. Los cambios serán publicados en esta misma página. 10. Legislación aplicable Esta Política de Privacidad se rige por la legislación chilena y, en su caso, por el Reglamento General de Protección de Datos (RGPD) si los servicios se prestan a usuarios ubicados en la Unión Europea.
