{"id":177,"date":"2025-09-22T22:55:34","date_gmt":"2025-09-22T22:55:34","guid":{"rendered":"https:\/\/proligna.cl\/?post_type=product&#038;p=177"},"modified":"2025-09-25T19:08:33","modified_gmt":"2025-09-25T19:08:33","slug":"madera-pino-seco-cepillado-1x6x32m","status":"publish","type":"product","link":"https:\/\/proligna.cl\/index.php\/producto\/madera-pino-seco-cepillado-1x6x32m\/","title":{"rendered":"Madera Pino Seco Cepillado 1X6X3,2m"},"content":{"rendered":"<p class=\"p1\">La madera de <span class=\"s1\"><b>Pino Insigne C4C<\/b><\/span>\u00a0en formato <span class=\"s1\"><b>1x6x3,2<\/b><\/span> se caracteriza por su <span class=\"s1\"><b>acabado uniforme, estabilidad y facilidad de uso<\/b><\/span>. Su cepillado en las cuatro caras entrega un producto listo para trabajar, ideal tanto en proyectos estructurales como decorativos.<\/p>\n<ul>\n<li>\n<p class=\"p1\">\u2705 <span class=\"s1\"><b>Alta calidad<\/b><\/span>: cepillado en las cuatro caras (C4C) para un acabado prolijo y seguro.<\/p>\n<\/li>\n<li>\n<p class=\"p1\">\u2705 <span class=\"s1\"><b>Vers\u00e1til<\/b><\/span>: apto para estructuras, revestimientos, marcos y proyectos de carpinter\u00eda.<\/p>\n<\/li>\n<li>\n<p class=\"p1\">\u2705 <span class=\"s1\"><b>Madera confiable<\/b><\/span>: reconocida por su resistencia y facilidad de manipulaci\u00f3n.<\/p>\n<\/li>\n<li>\n<p class=\"p1\">\u2705 <span class=\"s1\"><b>Dimensiones precisas<\/b><\/span>: 1&#215;6 pulgadas en 3,2 metros de largo, adaptables a m\u00faltiples usos.<\/p>\n<\/li>\n<li>\n<p class=\"p1\">\u2705 <span class=\"s1\"><b>Sustentable<\/b><\/span>: proveniente de bosques gestionados responsablemente.<\/p>\n<\/li>\n<\/ul>\n<p class=\"p1\">El Pino Insigne C4C 1x6x3,2 es la opci\u00f3n perfecta para quienes buscan <span class=\"s1\"><b>rendimiento, est\u00e9tica y practicidad<\/b><\/span> en cada proyecto constructivo o de dise\u00f1o.<\/p>\n","protected":false},"excerpt":{"rendered":"<p>La madera de Pino Insigne C4C\u00a0en formato 1x6x3,2 se caracteriza por su acabado uniforme, estabilidad y facilidad de uso. Su cepillado en las cuatro caras entrega un producto listo para trabajar, ideal tanto en proyectos estructurales como decorativos. \u2705 Alta calidad: cepillado en las cuatro caras (C4C) para un acabado prolijo y seguro. \u2705 Vers\u00e1til: apto para estructuras, revestimientos, marcos y proyectos de carpinter\u00eda. \u2705 Madera confiable: reconocida por su resistencia y facilidad de manipulaci\u00f3n. \u2705 Dimensiones precisas: 1&#215;6 pulgadas en 3,2 metros de largo, adaptables a m\u00faltiples usos. \u2705 Sustentable: proveniente de bosques gestionados responsablemente. El Pino Insigne C4C 1x6x3,2 es la opci\u00f3n perfecta para quienes buscan rendimiento, est\u00e9tica y practicidad en cada proyecto constructivo o de dise\u00f1o.<\/p>\n","protected":false},"featured_media":241,"comment_status":"open","ping_status":"closed","template":"","meta":[],"product_brand":[],"product_cat":[18],"product_tag":[40,38,39,41],"class_list":{"0":"post-177","1":"product","2":"type-product","3":"status-publish","4":"has-post-thumbnail","6":"product_cat-maderas-cepilladas","7":"product_tag-cepillado","8":"product_tag-madera-elaborada","9":"product_tag-pino-insigne","10":"product_tag-seco","12":"first","13":"instock","14":"taxable","15":"shipping-taxable","16":"product-type-simple"},"yoast_head":"<!-- This site is optimized with the Yoast SEO plugin v26.5 - https:\/\/yoast.com\/wordpress\/plugins\/seo\/ -->\n<title>Madera Pino Seco Cepillado 1X6X3,2m - Proligna<\/title>\n<meta name=\"robots\" content=\"index, follow, max-snippet:-1, max-image-preview:large, max-video-preview:-1\" \/>\n<link rel=\"canonical\" href=\"https:\/\/proligna.cl\/index.php\/producto\/madera-pino-seco-cepillado-1x6x32m\/\" \/>\n<meta property=\"og:locale\" content=\"es_ES\" \/>\n<meta property=\"og:type\" content=\"article\" \/>\n<meta property=\"og:title\" content=\"Madera Pino Seco Cepillado 1X6X3,2m - Proligna\" \/>\n<meta property=\"og:description\" content=\"La madera de Pino Insigne C4C\u00a0en formato 1x6x3,2 se caracteriza por su acabado uniforme, estabilidad y facilidad de uso. Su cepillado en las cuatro caras entrega un producto listo para trabajar, ideal tanto en proyectos estructurales como decorativos. \u2705 Alta calidad: cepillado en las cuatro caras (C4C) para un acabado prolijo y seguro. \u2705 Vers\u00e1til: apto para estructuras, revestimientos, marcos y proyectos de carpinter\u00eda. \u2705 Madera confiable: reconocida por su resistencia y facilidad de manipulaci\u00f3n. \u2705 Dimensiones precisas: 1&#215;6 pulgadas en 3,2 metros de largo, adaptables a m\u00faltiples usos. \u2705 Sustentable: proveniente de bosques gestionados responsablemente. El Pino Insigne C4C 1x6x3,2 es la opci\u00f3n perfecta para quienes buscan rendimiento, est\u00e9tica y practicidad en cada proyecto constructivo o de dise\u00f1o.\" \/>\n<meta property=\"og:url\" content=\"https:\/\/proligna.cl\/index.php\/producto\/madera-pino-seco-cepillado-1x6x32m\/\" \/>\n<meta property=\"og:site_name\" content=\"Proligna\" \/>\n<meta property=\"article:modified_time\" content=\"2025-09-25T19:08:33+00:00\" \/>\n<meta property=\"og:image\" content=\"https:\/\/proligna.cl\/wp-content\/uploads\/2025\/09\/Pino-C4C-1x6-1.png\" \/>\n\t<meta property=\"og:image:width\" content=\"1080\" \/>\n\t<meta property=\"og:image:height\" content=\"1080\" \/>\n\t<meta property=\"og:image:type\" content=\"image\/png\" \/>\n<meta name=\"twitter:card\" content=\"summary_large_image\" \/>\n<meta name=\"twitter:label1\" content=\"Tiempo de lectura\" \/>\n\t<meta name=\"twitter:data1\" content=\"1 minuto\" \/>\n<script type=\"application\/ld+json\" class=\"yoast-schema-graph\">{\"@context\":\"https:\/\/schema.org\",\"@graph\":[{\"@type\":\"WebPage\",\"@id\":\"https:\/\/proligna.cl\/index.php\/producto\/madera-pino-seco-cepillado-1x6x32m\/\",\"url\":\"https:\/\/proligna.cl\/index.php\/producto\/madera-pino-seco-cepillado-1x6x32m\/\",\"name\":\"Madera Pino Seco Cepillado 1X6X3,2m - Proligna\",\"isPartOf\":{\"@id\":\"https:\/\/proligna.cl\/#website\"},\"primaryImageOfPage\":{\"@id\":\"https:\/\/proligna.cl\/index.php\/producto\/madera-pino-seco-cepillado-1x6x32m\/#primaryimage\"},\"image\":{\"@id\":\"https:\/\/proligna.cl\/index.php\/producto\/madera-pino-seco-cepillado-1x6x32m\/#primaryimage\"},\"thumbnailUrl\":\"https:\/\/proligna.cl\/wp-content\/uploads\/2025\/09\/Pino-C4C-1x6-1.png\",\"datePublished\":\"2025-09-22T22:55:34+00:00\",\"dateModified\":\"2025-09-25T19:08:33+00:00\",\"breadcrumb\":{\"@id\":\"https:\/\/proligna.cl\/index.php\/producto\/madera-pino-seco-cepillado-1x6x32m\/#breadcrumb\"},\"inLanguage\":\"es\",\"potentialAction\":[{\"@type\":\"ReadAction\",\"target\":[\"https:\/\/proligna.cl\/index.php\/producto\/madera-pino-seco-cepillado-1x6x32m\/\"]}]},{\"@type\":\"ImageObject\",\"inLanguage\":\"es\",\"@id\":\"https:\/\/proligna.cl\/index.php\/producto\/madera-pino-seco-cepillado-1x6x32m\/#primaryimage\",\"url\":\"https:\/\/proligna.cl\/wp-content\/uploads\/2025\/09\/Pino-C4C-1x6-1.png\",\"contentUrl\":\"https:\/\/proligna.cl\/wp-content\/uploads\/2025\/09\/Pino-C4C-1x6-1.png\",\"width\":1080,\"height\":1080},{\"@type\":\"BreadcrumbList\",\"@id\":\"https:\/\/proligna.cl\/index.php\/producto\/madera-pino-seco-cepillado-1x6x32m\/#breadcrumb\",\"itemListElement\":[{\"@type\":\"ListItem\",\"position\":1,\"name\":\"Portada\",\"item\":\"https:\/\/proligna.cl\/\"},{\"@type\":\"ListItem\",\"position\":2,\"name\":\"Madera Pino Seco Cepillado 1X6X3,2m\"}]},{\"@type\":\"WebSite\",\"@id\":\"https:\/\/proligna.cl\/#website\",\"url\":\"https:\/\/proligna.cl\/\",\"name\":\"Proligna\",\"description\":\"\",\"publisher\":{\"@id\":\"https:\/\/proligna.cl\/#organization\"},\"potentialAction\":[{\"@type\":\"SearchAction\",\"target\":{\"@type\":\"EntryPoint\",\"urlTemplate\":\"https:\/\/proligna.cl\/?s={search_term_string}\"},\"query-input\":{\"@type\":\"PropertyValueSpecification\",\"valueRequired\":true,\"valueName\":\"search_term_string\"}}],\"inLanguage\":\"es\"},{\"@type\":\"Organization\",\"@id\":\"https:\/\/proligna.cl\/#organization\",\"name\":\"Proligna\",\"alternateName\":\"Proligna\",\"url\":\"https:\/\/proligna.cl\/\",\"logo\":{\"@type\":\"ImageObject\",\"inLanguage\":\"es\",\"@id\":\"https:\/\/proligna.cl\/#\/schema\/logo\/image\/\",\"url\":\"https:\/\/proligna.cl\/wp-content\/uploads\/2025\/11\/cropped-Logo.png\",\"contentUrl\":\"https:\/\/proligna.cl\/wp-content\/uploads\/2025\/11\/cropped-Logo.png\",\"width\":512,\"height\":512,\"caption\":\"Proligna\"},\"image\":{\"@id\":\"https:\/\/proligna.cl\/#\/schema\/logo\/image\/\"}}]}<\/script>\n<!-- \/ Yoast SEO plugin. -->","yoast_head_json":{"title":"Madera Pino Seco Cepillado 1X6X3,2m - Proligna","robots":{"index":"index","follow":"follow","max-snippet":"max-snippet:-1","max-image-preview":"max-image-preview:large","max-video-preview":"max-video-preview:-1"},"canonical":"https:\/\/proligna.cl\/index.php\/producto\/madera-pino-seco-cepillado-1x6x32m\/","og_locale":"es_ES","og_type":"article","og_title":"Madera Pino Seco Cepillado 1X6X3,2m - Proligna","og_description":"La madera de Pino Insigne C4C\u00a0en formato 1x6x3,2 se caracteriza por su acabado uniforme, estabilidad y facilidad de uso. Su cepillado en las cuatro caras entrega un producto listo para trabajar, ideal tanto en proyectos estructurales como decorativos. \u2705 Alta calidad: cepillado en las cuatro caras (C4C) para un acabado prolijo y seguro. \u2705 Vers\u00e1til: apto para estructuras, revestimientos, marcos y proyectos de carpinter\u00eda. \u2705 Madera confiable: reconocida por su resistencia y facilidad de manipulaci\u00f3n. \u2705 Dimensiones precisas: 1&#215;6 pulgadas en 3,2 metros de largo, adaptables a m\u00faltiples usos. \u2705 Sustentable: proveniente de bosques gestionados responsablemente. El Pino Insigne C4C 1x6x3,2 es la opci\u00f3n perfecta para quienes buscan rendimiento, est\u00e9tica y practicidad en cada proyecto constructivo o de dise\u00f1o.","og_url":"https:\/\/proligna.cl\/index.php\/producto\/madera-pino-seco-cepillado-1x6x32m\/","og_site_name":"Proligna","article_modified_time":"2025-09-25T19:08:33+00:00","og_image":[{"width":1080,"height":1080,"url":"https:\/\/proligna.cl\/wp-content\/uploads\/2025\/09\/Pino-C4C-1x6-1.png","type":"image\/png"}],"twitter_card":"summary_large_image","twitter_misc":{"Tiempo de lectura":"1 minuto"},"schema":{"@context":"https:\/\/schema.org","@graph":[{"@type":"WebPage","@id":"https:\/\/proligna.cl\/index.php\/producto\/madera-pino-seco-cepillado-1x6x32m\/","url":"https:\/\/proligna.cl\/index.php\/producto\/madera-pino-seco-cepillado-1x6x32m\/","name":"Madera Pino Seco Cepillado 1X6X3,2m - Proligna","isPartOf":{"@id":"https:\/\/proligna.cl\/#website"},"primaryImageOfPage":{"@id":"https:\/\/proligna.cl\/index.php\/producto\/madera-pino-seco-cepillado-1x6x32m\/#primaryimage"},"image":{"@id":"https:\/\/proligna.cl\/index.php\/producto\/madera-pino-seco-cepillado-1x6x32m\/#primaryimage"},"thumbnailUrl":"https:\/\/proligna.cl\/wp-content\/uploads\/2025\/09\/Pino-C4C-1x6-1.png","datePublished":"2025-09-22T22:55:34+00:00","dateModified":"2025-09-25T19:08:33+00:00","breadcrumb":{"@id":"https:\/\/proligna.cl\/index.php\/producto\/madera-pino-seco-cepillado-1x6x32m\/#breadcrumb"},"inLanguage":"es","potentialAction":[{"@type":"ReadAction","target":["https:\/\/proligna.cl\/index.php\/producto\/madera-pino-seco-cepillado-1x6x32m\/"]}]},{"@type":"ImageObject","inLanguage":"es","@id":"https:\/\/proligna.cl\/index.php\/producto\/madera-pino-seco-cepillado-1x6x32m\/#primaryimage","url":"https:\/\/proligna.cl\/wp-content\/uploads\/2025\/09\/Pino-C4C-1x6-1.png","contentUrl":"https:\/\/proligna.cl\/wp-content\/uploads\/2025\/09\/Pino-C4C-1x6-1.png","width":1080,"height":1080},{"@type":"BreadcrumbList","@id":"https:\/\/proligna.cl\/index.php\/producto\/madera-pino-seco-cepillado-1x6x32m\/#breadcrumb","itemListElement":[{"@type":"ListItem","position":1,"name":"Portada","item":"https:\/\/proligna.cl\/"},{"@type":"ListItem","position":2,"name":"Madera Pino Seco Cepillado 1X6X3,2m"}]},{"@type":"WebSite","@id":"https:\/\/proligna.cl\/#website","url":"https:\/\/proligna.cl\/","name":"Proligna","description":"","publisher":{"@id":"https:\/\/proligna.cl\/#organization"},"potentialAction":[{"@type":"SearchAction","target":{"@type":"EntryPoint","urlTemplate":"https:\/\/proligna.cl\/?s={search_term_string}"},"query-input":{"@type":"PropertyValueSpecification","valueRequired":true,"valueName":"search_term_string"}}],"inLanguage":"es"},{"@type":"Organization","@id":"https:\/\/proligna.cl\/#organization","name":"Proligna","alternateName":"Proligna","url":"https:\/\/proligna.cl\/","logo":{"@type":"ImageObject","inLanguage":"es","@id":"https:\/\/proligna.cl\/#\/schema\/logo\/image\/","url":"https:\/\/proligna.cl\/wp-content\/uploads\/2025\/11\/cropped-Logo.png","contentUrl":"https:\/\/proligna.cl\/wp-content\/uploads\/2025\/11\/cropped-Logo.png","width":512,"height":512,"caption":"Proligna"},"image":{"@id":"https:\/\/proligna.cl\/#\/schema\/logo\/image\/"}}]}},"_links":{"self":[{"href":"https:\/\/proligna.cl\/index.php\/wp-json\/wp\/v2\/product\/177","targetHints":{"allow":["GET"]}}],"collection":[{"href":"https:\/\/proligna.cl\/index.php\/wp-json\/wp\/v2\/product"}],"about":[{"href":"https:\/\/proligna.cl\/index.php\/wp-json\/wp\/v2\/types\/product"}],"replies":[{"embeddable":true,"href":"https:\/\/proligna.cl\/index.php\/wp-json\/wp\/v2\/comments?post=177"}],"wp:featuredmedia":[{"embeddable":true,"href":"https:\/\/proligna.cl\/index.php\/wp-json\/wp\/v2\/media\/241"}],"wp:attachment":[{"href":"https:\/\/proligna.cl\/index.php\/wp-json\/wp\/v2\/media?parent=177"}],"wp:term":[{"taxonomy":"product_brand","embeddable":true,"href":"https:\/\/proligna.cl\/index.php\/wp-json\/wp\/v2\/product_brand?post=177"},{"taxonomy":"product_cat","embeddable":true,"href":"https:\/\/proligna.cl\/index.php\/wp-json\/wp\/v2\/product_cat?post=177"},{"taxonomy":"product_tag","embeddable":true,"href":"https:\/\/proligna.cl\/index.php\/wp-json\/wp\/v2\/product_tag?post=177"}],"curies":[{"name":"wp","href":"https:\/\/api.w.org\/{rel}","templated":true}]}}

<p class="p1">La madera de <span class="s1"><b>Pino Insigne C4C</b></span> en formato <span class="s1"><b>1x6x3,2</b></span> se caracteriza por su <span class="s1"><b>acabado uniforme, estabilidad y facilidad de uso</b></span>. Su cepillado en las cuatro caras entrega un producto listo para trabajar, ideal tanto en proyectos estructurales como decorativos.</p>
<ul>
<li>
<p class="p1">✅ <span class="s1"><b>Alta calidad</b></span>: cepillado en las cuatro caras (C4C) para un acabado prolijo y seguro.</p>
</li>
<li>
<p class="p1">✅ <span class="s1"><b>Versátil</b></span>: apto para estructuras, revestimientos, marcos y proyectos de carpintería.</p>
</li>
<li>
<p class="p1">✅ <span class="s1"><b>Madera confiable</b></span>: reconocida por su resistencia y facilidad de manipulación.</p>
</li>
<li>
<p class="p1">✅ <span class="s1"><b>Dimensiones precisas</b></span>: 1&#215;6 pulgadas en 3,2 metros de largo, adaptables a múltiples usos.</p>
</li>
<li>
<p class="p1">✅ <span class="s1"><b>Sustentable</b></span>: proveniente de bosques gestionados responsablemente.</p>
</li>
</ul>
<p class="p1">El Pino Insigne C4C 1x6x3,2 es la opción perfecta para quienes buscan <span class="s1"><b>rendimiento, estética y practicidad</b></span> en cada proyecto constructivo o de diseño.</p>

<p>La madera de Pino Insigne C4C en formato 1x6x3,2 se caracteriza por su acabado uniforme, estabilidad y facilidad de uso. Su cepillado en las cuatro caras entrega un producto listo para trabajar, ideal tanto en proyectos estructurales como decorativos. ✅ Alta calidad: cepillado en las cuatro caras (C4C) para un acabado prolijo y seguro. ✅ Versátil: apto para estructuras, revestimientos, marcos y proyectos de carpintería. ✅ Madera confiable: reconocida por su resistencia y facilidad de manipulación. ✅ Dimensiones precisas: 1&#215;6 pulgadas en 3,2 metros de largo, adaptables a múltiples usos. ✅ Sustentable: proveniente de bosques gestionados responsablemente. El Pino Insigne C4C 1x6x3,2 es la opción perfecta para quienes buscan rendimiento, estética y practicidad en cada proyecto constructivo o de diseño.</p>

<!-- This site is optimized with the Yoast SEO plugin v26.5 - https://yoast.com/wordpress/plugins/seo/ -->
<title>Madera Pino Seco Cepillado 1X6X3,2m - Proligna</title>
<meta name="robots" content="index, follow, max-snippet:-1, max-image-preview:large, max-video-preview:-1" />
<link rel="canonical" href="https://proligna.cl/index.php/producto/madera-pino-seco-cepillado-1x6x32m/" />
<meta property="og:locale" content="es_ES" />
<meta property="og:type" content="article" />
<meta property="og:title" content="Madera Pino Seco Cepillado 1X6X3,2m - Proligna" />
<meta property="og:description" content="La madera de Pino Insigne C4C en formato 1x6x3,2 se caracteriza por su acabado uniforme, estabilidad y facilidad de uso. Su cepillado en las cuatro caras entrega un producto listo para trabajar, ideal tanto en proyectos estructurales como decorativos. ✅ Alta calidad: cepillado en las cuatro caras (C4C) para un acabado prolijo y seguro. ✅ Versátil: apto para estructuras, revestimientos, marcos y proyectos de carpintería. ✅ Madera confiable: reconocida por su resistencia y facilidad de manipulación. ✅ Dimensiones precisas: 1&#215;6 pulgadas en 3,2 metros de largo, adaptables a múltiples usos. ✅ Sustentable: proveniente de bosques gestionados responsablemente. El Pino Insigne C4C 1x6x3,2 es la opción perfecta para quienes buscan rendimiento, estética y practicidad en cada proyecto constructivo o de diseño." />
<meta property="og:url" content="https://proligna.cl/index.php/producto/madera-pino-seco-cepillado-1x6x32m/" />
<meta property="og:site_name" content="Proligna" />
<meta property="article:modified_time" content="2025-09-25T19:08:33+00:00" />
<meta property="og:image" content="https://proligna.cl/wp-content/uploads/2025/09/Pino-C4C-1x6-1.png" />
	<meta property="og:image:width" content="1080" />
	<meta property="og:image:height" content="1080" />
	<meta property="og:image:type" content="image/png" />
<meta name="twitter:card" content="summary_large_image" />
<meta name="twitter:label1" content="Tiempo de lectura" />
	<meta name="twitter:data1" content="1 minuto" />
<script type="application/ld+json" class="yoast-schema-graph">{"@context":"https://schema.org","@graph":[{"@type":"WebPage","@id":"https://proligna.cl/index.php/producto/madera-pino-seco-cepillado-1x6x32m/","url":"https://proligna.cl/index.php/producto/madera-pino-seco-cepillado-1x6x32m/","name":"Madera Pino Seco Cepillado 1X6X3,2m - Proligna","isPartOf":{"@id":"https://proligna.cl/#website"},"primaryImageOfPage":{"@id":"https://proligna.cl/index.php/producto/madera-pino-seco-cepillado-1x6x32m/#primaryimage"},"image":{"@id":"https://proligna.cl/index.php/producto/madera-pino-seco-cepillado-1x6x32m/#primaryimage"},"thumbnailUrl":"https://proligna.cl/wp-content/uploads/2025/09/Pino-C4C-1x6-1.png","datePublished":"2025-09-22T22:55:34+00:00","dateModified":"2025-09-25T19:08:33+00:00","breadcrumb":{"@id":"https://proligna.cl/index.php/producto/madera-pino-seco-cepillado-1x6x32m/#breadcrumb"},"inLanguage":"es","potentialAction":[{"@type":"ReadAction","target":["https://proligna.cl/index.php/producto/madera-pino-seco-cepillado-1x6x32m/"]}]},{"@type":"ImageObject","inLanguage":"es","@id":"https://proligna.cl/index.php/producto/madera-pino-seco-cepillado-1x6x32m/#primaryimage","url":"https://proligna.cl/wp-content/uploads/2025/09/Pino-C4C-1x6-1.png","contentUrl":"https://proligna.cl/wp-content/uploads/2025/09/Pino-C4C-1x6-1.png","width":1080,"height":1080},{"@type":"BreadcrumbList","@id":"https://proligna.cl/index.php/producto/madera-pino-seco-cepillado-1x6x32m/#breadcrumb","itemListElement":[{"@type":"ListItem","position":1,"name":"Portada","item":"https://proligna.cl/"},{"@type":"ListItem","position":2,"name":"Madera Pino Seco Cepillado 1X6X3,2m"}]},{"@type":"WebSite","@id":"https://proligna.cl/#website","url":"https://proligna.cl/","name":"Proligna","description":"","publisher":{"@id":"https://proligna.cl/#organization"},"potentialAction":[{"@type":"SearchAction","target":{"@type":"EntryPoint","urlTemplate":"https://proligna.cl/?s={search_term_string}"},"query-input":{"@type":"PropertyValueSpecification","valueRequired":true,"valueName":"search_term_string"}}],"inLanguage":"es"},{"@type":"Organization","@id":"https://proligna.cl/#organization","name":"Proligna","alternateName":"Proligna","url":"https://proligna.cl/","logo":{"@type":"ImageObject","inLanguage":"es","@id":"https://proligna.cl/#/schema/logo/image/","url":"https://proligna.cl/wp-content/uploads/2025/11/cropped-Logo.png","contentUrl":"https://proligna.cl/wp-content/uploads/2025/11/cropped-Logo.png","width":512,"height":512,"caption":"Proligna"},"image":{"@id":"https://proligna.cl/#/schema/logo/image/"}}]}</script>
<!-- / Yoast SEO plugin. -->

La madera de Pino Insigne C4C en formato 1x6x3,2 se caracteriza por su acabado uniforme, estabilidad y facilidad de uso. Su cepillado en las cuatro caras entrega un producto listo para trabajar, ideal tanto en proyectos estructurales como decorativos. ✅ Alta calidad: cepillado en las cuatro caras (C4C) para un acabado prolijo y seguro. ✅ Versátil: apto para estructuras, revestimientos, marcos y proyectos de carpintería. ✅ Madera confiable: reconocida por su resistencia y facilidad de manipulación. ✅ Dimensiones precisas: 1&#215;6 pulgadas en 3,2 metros de largo, adaptables a múltiples usos. ✅ Sustentable: proveniente de bosques gestionados responsablemente. El Pino Insigne C4C 1x6x3,2 es la opción perfecta para quienes buscan rendimiento, estética y practicidad en cada proyecto constructivo o de diseño.
