{"id":254,"date":"2025-09-26T15:37:44","date_gmt":"2025-09-26T15:37:44","guid":{"rendered":"https:\/\/proligna.cl\/?post_type=product&#038;p=254"},"modified":"2025-09-26T20:14:31","modified_gmt":"2025-09-26T20:14:31","slug":"manilla-flor-de-lis-simple","status":"publish","type":"product","link":"https:\/\/proligna.cl\/index.php\/producto\/manilla-flor-de-lis-simple\/","title":{"rendered":"Manilla Flor de Lis simple"},"content":{"rendered":"<p class=\"p1\">La <span class=\"s1\"><b>manilla met\u00e1lica simple con dise\u00f1o Flor de Lis en negro<\/b><\/span> combina la <span class=\"s1\"><b>resistencia del metal<\/b><\/span> con un <span class=\"s1\"><b>detalle ornamental cl\u00e1sico<\/b><\/span>, ideal para realzar muebles con un toque elegante y distintivo. Su dise\u00f1o compacto y sobrio la hace perfecta para proyectos decorativos que buscan personalidad sin perder practicidad.<\/p>\n<ul>\n<li>\n<p class=\"p1\">\u2705 <span class=\"s1\"><b>Material met\u00e1lico resistente<\/b><\/span>: firme y duradero ante el uso constante.<\/p>\n<\/li>\n<li>\n<p class=\"p1\">\u2705 <span class=\"s1\"><b>Dise\u00f1o Flor de Lis<\/b><\/span>: un \u00edcono ornamental que aporta distinci\u00f3n y estilo cl\u00e1sico.<\/p>\n<\/li>\n<li>\n<p class=\"p1\">\u2705 <span class=\"s1\"><b>Color negro<\/b><\/span>: vers\u00e1til, combina con muebles r\u00fasticos, vintage o modernos.<\/p>\n<\/li>\n<li>\n<p class=\"p1\">\u2705 <span class=\"s1\"><b>Instalaci\u00f3n sencilla<\/b><\/span>: con perforaciones est\u00e1ndar para montaje r\u00e1pido.<\/p>\n<\/li>\n<li>\n<p class=\"p1\">\u2705 <span class=\"s1\"><b>Aplicaciones vers\u00e1tiles<\/b><\/span>: ideal para cl\u00f3sets, cajoneras, puertas de muebles y decoraci\u00f3n.<\/p>\n<\/li>\n<\/ul>\n<p class=\"p1\">Una pieza que une <span class=\"s1\"><b>funcionalidad, elegancia y tradici\u00f3n<\/b><\/span>, dise\u00f1ada para destacar cada detalle de tu mobiliario.<\/p>\n","protected":false},"excerpt":{"rendered":"<p class=\"p1\">La <span class=\"s1\"><b>manilla met\u00e1lica simple Flor de Lis negra<\/b><\/span> aporta un toque cl\u00e1sico y elegante a tus muebles. Una elecci\u00f3n perfecta para quienes buscan <span class=\"s1\"><b>detalles con estilo y personalidad<\/b><\/span>.<\/p>\n","protected":false},"featured_media":257,"comment_status":"open","ping_status":"closed","template":"","meta":[],"product_brand":[],"product_cat":[23],"product_tag":[51,50],"class_list":{"0":"post-254","1":"product","2":"type-product","3":"status-publish","4":"has-post-thumbnail","6":"product_cat-accesorios-para-muebles","7":"product_tag-accesorios-muebles","8":"product_tag-manilla","10":"first","11":"instock","12":"taxable","13":"shipping-taxable","14":"product-type-simple"},"yoast_head":"<!-- This site is optimized with the Yoast SEO plugin v26.5 - https:\/\/yoast.com\/wordpress\/plugins\/seo\/ -->\n<title>Manilla Flor de Lis simple - Proligna<\/title>\n<meta name=\"robots\" content=\"index, follow, max-snippet:-1, max-image-preview:large, max-video-preview:-1\" \/>\n<link rel=\"canonical\" href=\"https:\/\/proligna.cl\/index.php\/producto\/manilla-flor-de-lis-simple\/\" \/>\n<meta property=\"og:locale\" content=\"es_ES\" \/>\n<meta property=\"og:type\" content=\"article\" \/>\n<meta property=\"og:title\" content=\"Manilla Flor de Lis simple - Proligna\" \/>\n<meta property=\"og:description\" content=\"La manilla met\u00e1lica simple Flor de Lis negra aporta un toque cl\u00e1sico y elegante a tus muebles. Una elecci\u00f3n perfecta para quienes buscan detalles con estilo y personalidad.\" \/>\n<meta property=\"og:url\" content=\"https:\/\/proligna.cl\/index.php\/producto\/manilla-flor-de-lis-simple\/\" \/>\n<meta property=\"og:site_name\" content=\"Proligna\" \/>\n<meta property=\"article:modified_time\" content=\"2025-09-26T20:14:31+00:00\" \/>\n<meta property=\"og:image\" content=\"https:\/\/proligna.cl\/wp-content\/uploads\/2025\/09\/Manilla-Flor-de-lis-simpl.png\" \/>\n\t<meta property=\"og:image:width\" content=\"1080\" \/>\n\t<meta property=\"og:image:height\" content=\"1080\" \/>\n\t<meta property=\"og:image:type\" content=\"image\/png\" \/>\n<meta name=\"twitter:card\" content=\"summary_large_image\" \/>\n<meta name=\"twitter:label1\" content=\"Tiempo de lectura\" \/>\n\t<meta name=\"twitter:data1\" content=\"1 minuto\" \/>\n<script type=\"application\/ld+json\" class=\"yoast-schema-graph\">{\"@context\":\"https:\/\/schema.org\",\"@graph\":[{\"@type\":\"WebPage\",\"@id\":\"https:\/\/proligna.cl\/index.php\/producto\/manilla-flor-de-lis-simple\/\",\"url\":\"https:\/\/proligna.cl\/index.php\/producto\/manilla-flor-de-lis-simple\/\",\"name\":\"Manilla Flor de Lis simple - Proligna\",\"isPartOf\":{\"@id\":\"https:\/\/proligna.cl\/#website\"},\"primaryImageOfPage\":{\"@id\":\"https:\/\/proligna.cl\/index.php\/producto\/manilla-flor-de-lis-simple\/#primaryimage\"},\"image\":{\"@id\":\"https:\/\/proligna.cl\/index.php\/producto\/manilla-flor-de-lis-simple\/#primaryimage\"},\"thumbnailUrl\":\"https:\/\/proligna.cl\/wp-content\/uploads\/2025\/09\/Manilla-Flor-de-lis-simpl.png\",\"datePublished\":\"2025-09-26T15:37:44+00:00\",\"dateModified\":\"2025-09-26T20:14:31+00:00\",\"breadcrumb\":{\"@id\":\"https:\/\/proligna.cl\/index.php\/producto\/manilla-flor-de-lis-simple\/#breadcrumb\"},\"inLanguage\":\"es\",\"potentialAction\":[{\"@type\":\"ReadAction\",\"target\":[\"https:\/\/proligna.cl\/index.php\/producto\/manilla-flor-de-lis-simple\/\"]}]},{\"@type\":\"ImageObject\",\"inLanguage\":\"es\",\"@id\":\"https:\/\/proligna.cl\/index.php\/producto\/manilla-flor-de-lis-simple\/#primaryimage\",\"url\":\"https:\/\/proligna.cl\/wp-content\/uploads\/2025\/09\/Manilla-Flor-de-lis-simpl.png\",\"contentUrl\":\"https:\/\/proligna.cl\/wp-content\/uploads\/2025\/09\/Manilla-Flor-de-lis-simpl.png\",\"width\":1080,\"height\":1080},{\"@type\":\"BreadcrumbList\",\"@id\":\"https:\/\/proligna.cl\/index.php\/producto\/manilla-flor-de-lis-simple\/#breadcrumb\",\"itemListElement\":[{\"@type\":\"ListItem\",\"position\":1,\"name\":\"Portada\",\"item\":\"https:\/\/proligna.cl\/\"},{\"@type\":\"ListItem\",\"position\":2,\"name\":\"Manilla Flor de Lis simple\"}]},{\"@type\":\"WebSite\",\"@id\":\"https:\/\/proligna.cl\/#website\",\"url\":\"https:\/\/proligna.cl\/\",\"name\":\"Proligna\",\"description\":\"\",\"publisher\":{\"@id\":\"https:\/\/proligna.cl\/#organization\"},\"potentialAction\":[{\"@type\":\"SearchAction\",\"target\":{\"@type\":\"EntryPoint\",\"urlTemplate\":\"https:\/\/proligna.cl\/?s={search_term_string}\"},\"query-input\":{\"@type\":\"PropertyValueSpecification\",\"valueRequired\":true,\"valueName\":\"search_term_string\"}}],\"inLanguage\":\"es\"},{\"@type\":\"Organization\",\"@id\":\"https:\/\/proligna.cl\/#organization\",\"name\":\"Proligna\",\"alternateName\":\"Proligna\",\"url\":\"https:\/\/proligna.cl\/\",\"logo\":{\"@type\":\"ImageObject\",\"inLanguage\":\"es\",\"@id\":\"https:\/\/proligna.cl\/#\/schema\/logo\/image\/\",\"url\":\"https:\/\/proligna.cl\/wp-content\/uploads\/2025\/11\/cropped-Logo.png\",\"contentUrl\":\"https:\/\/proligna.cl\/wp-content\/uploads\/2025\/11\/cropped-Logo.png\",\"width\":512,\"height\":512,\"caption\":\"Proligna\"},\"image\":{\"@id\":\"https:\/\/proligna.cl\/#\/schema\/logo\/image\/\"}}]}<\/script>\n<!-- \/ Yoast SEO plugin. -->","yoast_head_json":{"title":"Manilla Flor de Lis simple - Proligna","robots":{"index":"index","follow":"follow","max-snippet":"max-snippet:-1","max-image-preview":"max-image-preview:large","max-video-preview":"max-video-preview:-1"},"canonical":"https:\/\/proligna.cl\/index.php\/producto\/manilla-flor-de-lis-simple\/","og_locale":"es_ES","og_type":"article","og_title":"Manilla Flor de Lis simple - Proligna","og_description":"La manilla met\u00e1lica simple Flor de Lis negra aporta un toque cl\u00e1sico y elegante a tus muebles. Una elecci\u00f3n perfecta para quienes buscan detalles con estilo y personalidad.","og_url":"https:\/\/proligna.cl\/index.php\/producto\/manilla-flor-de-lis-simple\/","og_site_name":"Proligna","article_modified_time":"2025-09-26T20:14:31+00:00","og_image":[{"width":1080,"height":1080,"url":"https:\/\/proligna.cl\/wp-content\/uploads\/2025\/09\/Manilla-Flor-de-lis-simpl.png","type":"image\/png"}],"twitter_card":"summary_large_image","twitter_misc":{"Tiempo de lectura":"1 minuto"},"schema":{"@context":"https:\/\/schema.org","@graph":[{"@type":"WebPage","@id":"https:\/\/proligna.cl\/index.php\/producto\/manilla-flor-de-lis-simple\/","url":"https:\/\/proligna.cl\/index.php\/producto\/manilla-flor-de-lis-simple\/","name":"Manilla Flor de Lis simple - Proligna","isPartOf":{"@id":"https:\/\/proligna.cl\/#website"},"primaryImageOfPage":{"@id":"https:\/\/proligna.cl\/index.php\/producto\/manilla-flor-de-lis-simple\/#primaryimage"},"image":{"@id":"https:\/\/proligna.cl\/index.php\/producto\/manilla-flor-de-lis-simple\/#primaryimage"},"thumbnailUrl":"https:\/\/proligna.cl\/wp-content\/uploads\/2025\/09\/Manilla-Flor-de-lis-simpl.png","datePublished":"2025-09-26T15:37:44+00:00","dateModified":"2025-09-26T20:14:31+00:00","breadcrumb":{"@id":"https:\/\/proligna.cl\/index.php\/producto\/manilla-flor-de-lis-simple\/#breadcrumb"},"inLanguage":"es","potentialAction":[{"@type":"ReadAction","target":["https:\/\/proligna.cl\/index.php\/producto\/manilla-flor-de-lis-simple\/"]}]},{"@type":"ImageObject","inLanguage":"es","@id":"https:\/\/proligna.cl\/index.php\/producto\/manilla-flor-de-lis-simple\/#primaryimage","url":"https:\/\/proligna.cl\/wp-content\/uploads\/2025\/09\/Manilla-Flor-de-lis-simpl.png","contentUrl":"https:\/\/proligna.cl\/wp-content\/uploads\/2025\/09\/Manilla-Flor-de-lis-simpl.png","width":1080,"height":1080},{"@type":"BreadcrumbList","@id":"https:\/\/proligna.cl\/index.php\/producto\/manilla-flor-de-lis-simple\/#breadcrumb","itemListElement":[{"@type":"ListItem","position":1,"name":"Portada","item":"https:\/\/proligna.cl\/"},{"@type":"ListItem","position":2,"name":"Manilla Flor de Lis simple"}]},{"@type":"WebSite","@id":"https:\/\/proligna.cl\/#website","url":"https:\/\/proligna.cl\/","name":"Proligna","description":"","publisher":{"@id":"https:\/\/proligna.cl\/#organization"},"potentialAction":[{"@type":"SearchAction","target":{"@type":"EntryPoint","urlTemplate":"https:\/\/proligna.cl\/?s={search_term_string}"},"query-input":{"@type":"PropertyValueSpecification","valueRequired":true,"valueName":"search_term_string"}}],"inLanguage":"es"},{"@type":"Organization","@id":"https:\/\/proligna.cl\/#organization","name":"Proligna","alternateName":"Proligna","url":"https:\/\/proligna.cl\/","logo":{"@type":"ImageObject","inLanguage":"es","@id":"https:\/\/proligna.cl\/#\/schema\/logo\/image\/","url":"https:\/\/proligna.cl\/wp-content\/uploads\/2025\/11\/cropped-Logo.png","contentUrl":"https:\/\/proligna.cl\/wp-content\/uploads\/2025\/11\/cropped-Logo.png","width":512,"height":512,"caption":"Proligna"},"image":{"@id":"https:\/\/proligna.cl\/#\/schema\/logo\/image\/"}}]}},"_links":{"self":[{"href":"https:\/\/proligna.cl\/index.php\/wp-json\/wp\/v2\/product\/254","targetHints":{"allow":["GET"]}}],"collection":[{"href":"https:\/\/proligna.cl\/index.php\/wp-json\/wp\/v2\/product"}],"about":[{"href":"https:\/\/proligna.cl\/index.php\/wp-json\/wp\/v2\/types\/product"}],"replies":[{"embeddable":true,"href":"https:\/\/proligna.cl\/index.php\/wp-json\/wp\/v2\/comments?post=254"}],"wp:featuredmedia":[{"embeddable":true,"href":"https:\/\/proligna.cl\/index.php\/wp-json\/wp\/v2\/media\/257"}],"wp:attachment":[{"href":"https:\/\/proligna.cl\/index.php\/wp-json\/wp\/v2\/media?parent=254"}],"wp:term":[{"taxonomy":"product_brand","embeddable":true,"href":"https:\/\/proligna.cl\/index.php\/wp-json\/wp\/v2\/product_brand?post=254"},{"taxonomy":"product_cat","embeddable":true,"href":"https:\/\/proligna.cl\/index.php\/wp-json\/wp\/v2\/product_cat?post=254"},{"taxonomy":"product_tag","embeddable":true,"href":"https:\/\/proligna.cl\/index.php\/wp-json\/wp\/v2\/product_tag?post=254"}],"curies":[{"name":"wp","href":"https:\/\/api.w.org\/{rel}","templated":true}]}}

<p class="p1">La <span class="s1"><b>manilla metálica simple con diseño Flor de Lis en negro</b></span> combina la <span class="s1"><b>resistencia del metal</b></span> con un <span class="s1"><b>detalle ornamental clásico</b></span>, ideal para realzar muebles con un toque elegante y distintivo. Su diseño compacto y sobrio la hace perfecta para proyectos decorativos que buscan personalidad sin perder practicidad.</p>
<ul>
<li>
<p class="p1">✅ <span class="s1"><b>Material metálico resistente</b></span>: firme y duradero ante el uso constante.</p>
</li>
<li>
<p class="p1">✅ <span class="s1"><b>Diseño Flor de Lis</b></span>: un ícono ornamental que aporta distinción y estilo clásico.</p>
</li>
<li>
<p class="p1">✅ <span class="s1"><b>Color negro</b></span>: versátil, combina con muebles rústicos, vintage o modernos.</p>
</li>
<li>
<p class="p1">✅ <span class="s1"><b>Instalación sencilla</b></span>: con perforaciones estándar para montaje rápido.</p>
</li>
<li>
<p class="p1">✅ <span class="s1"><b>Aplicaciones versátiles</b></span>: ideal para clósets, cajoneras, puertas de muebles y decoración.</p>
</li>
</ul>
<p class="p1">Una pieza que une <span class="s1"><b>funcionalidad, elegancia y tradición</b></span>, diseñada para destacar cada detalle de tu mobiliario.</p>

<p class="p1">La <span class="s1"><b>manilla metálica simple Flor de Lis negra</b></span> aporta un toque clásico y elegante a tus muebles. Una elección perfecta para quienes buscan <span class="s1"><b>detalles con estilo y personalidad</b></span>.</p>

<!-- This site is optimized with the Yoast SEO plugin v26.5 - https://yoast.com/wordpress/plugins/seo/ -->
<title>Manilla Flor de Lis simple - Proligna</title>
<meta name="robots" content="index, follow, max-snippet:-1, max-image-preview:large, max-video-preview:-1" />
<link rel="canonical" href="https://proligna.cl/index.php/producto/manilla-flor-de-lis-simple/" />
<meta property="og:locale" content="es_ES" />
<meta property="og:type" content="article" />
<meta property="og:title" content="Manilla Flor de Lis simple - Proligna" />
<meta property="og:description" content="La manilla metálica simple Flor de Lis negra aporta un toque clásico y elegante a tus muebles. Una elección perfecta para quienes buscan detalles con estilo y personalidad." />
<meta property="og:url" content="https://proligna.cl/index.php/producto/manilla-flor-de-lis-simple/" />
<meta property="og:site_name" content="Proligna" />
<meta property="article:modified_time" content="2025-09-26T20:14:31+00:00" />
<meta property="og:image" content="https://proligna.cl/wp-content/uploads/2025/09/Manilla-Flor-de-lis-simpl.png" />
	<meta property="og:image:width" content="1080" />
	<meta property="og:image:height" content="1080" />
	<meta property="og:image:type" content="image/png" />
<meta name="twitter:card" content="summary_large_image" />
<meta name="twitter:label1" content="Tiempo de lectura" />
	<meta name="twitter:data1" content="1 minuto" />
<script type="application/ld+json" class="yoast-schema-graph">{"@context":"https://schema.org","@graph":[{"@type":"WebPage","@id":"https://proligna.cl/index.php/producto/manilla-flor-de-lis-simple/","url":"https://proligna.cl/index.php/producto/manilla-flor-de-lis-simple/","name":"Manilla Flor de Lis simple - Proligna","isPartOf":{"@id":"https://proligna.cl/#website"},"primaryImageOfPage":{"@id":"https://proligna.cl/index.php/producto/manilla-flor-de-lis-simple/#primaryimage"},"image":{"@id":"https://proligna.cl/index.php/producto/manilla-flor-de-lis-simple/#primaryimage"},"thumbnailUrl":"https://proligna.cl/wp-content/uploads/2025/09/Manilla-Flor-de-lis-simpl.png","datePublished":"2025-09-26T15:37:44+00:00","dateModified":"2025-09-26T20:14:31+00:00","breadcrumb":{"@id":"https://proligna.cl/index.php/producto/manilla-flor-de-lis-simple/#breadcrumb"},"inLanguage":"es","potentialAction":[{"@type":"ReadAction","target":["https://proligna.cl/index.php/producto/manilla-flor-de-lis-simple/"]}]},{"@type":"ImageObject","inLanguage":"es","@id":"https://proligna.cl/index.php/producto/manilla-flor-de-lis-simple/#primaryimage","url":"https://proligna.cl/wp-content/uploads/2025/09/Manilla-Flor-de-lis-simpl.png","contentUrl":"https://proligna.cl/wp-content/uploads/2025/09/Manilla-Flor-de-lis-simpl.png","width":1080,"height":1080},{"@type":"BreadcrumbList","@id":"https://proligna.cl/index.php/producto/manilla-flor-de-lis-simple/#breadcrumb","itemListElement":[{"@type":"ListItem","position":1,"name":"Portada","item":"https://proligna.cl/"},{"@type":"ListItem","position":2,"name":"Manilla Flor de Lis simple"}]},{"@type":"WebSite","@id":"https://proligna.cl/#website","url":"https://proligna.cl/","name":"Proligna","description":"","publisher":{"@id":"https://proligna.cl/#organization"},"potentialAction":[{"@type":"SearchAction","target":{"@type":"EntryPoint","urlTemplate":"https://proligna.cl/?s={search_term_string}"},"query-input":{"@type":"PropertyValueSpecification","valueRequired":true,"valueName":"search_term_string"}}],"inLanguage":"es"},{"@type":"Organization","@id":"https://proligna.cl/#organization","name":"Proligna","alternateName":"Proligna","url":"https://proligna.cl/","logo":{"@type":"ImageObject","inLanguage":"es","@id":"https://proligna.cl/#/schema/logo/image/","url":"https://proligna.cl/wp-content/uploads/2025/11/cropped-Logo.png","contentUrl":"https://proligna.cl/wp-content/uploads/2025/11/cropped-Logo.png","width":512,"height":512,"caption":"Proligna"},"image":{"@id":"https://proligna.cl/#/schema/logo/image/"}}]}</script>
<!-- / Yoast SEO plugin. -->

La manilla metálica simple Flor de Lis negra aporta un toque clásico y elegante a tus muebles. Una elección perfecta para quienes buscan detalles con estilo y personalidad.
