{"id":289,"date":"2025-10-11T23:15:58","date_gmt":"2025-10-11T23:15:58","guid":{"rendered":"https:\/\/proligna.cl\/?post_type=product&#038;p=289"},"modified":"2025-10-20T19:44:37","modified_gmt":"2025-10-20T19:44:37","slug":"adhesivo-de-montaje-galon","status":"publish","type":"product","link":"https:\/\/proligna.cl\/index.php\/producto\/adhesivo-de-montaje-galon\/","title":{"rendered":"Adhesivo de Montaje &#8211; Gal\u00f3n"},"content":{"rendered":"<p class=\"p1\">El <span class=\"s1\"><b>adhesivo de montaje en formato gal\u00f3n<\/b><\/span> es ideal para <span class=\"s1\"><b>instalaciones exigentes y trabajos profesionales<\/b><\/span>, garantizando una <span class=\"s1\"><b>adhesi\u00f3n inmediata, resistente y duradera<\/b><\/span> sobre m\u00faltiples superficies. Su f\u00f3rmula de alta viscosidad permite un excelente agarre inicial, reduciendo el uso de clavos o tornillos.<\/p>\n<ul>\n<li>\n<p class=\"p1\">\u2705 <span class=\"s1\"><b>Presentaci\u00f3n gal\u00f3n (3,78 L aprox.)<\/b><\/span>: rendimiento \u00f3ptimo para proyectos de gran escala.<\/p>\n<\/li>\n<li>\n<p class=\"p1\">\u2705 <span class=\"s1\"><b>Alta adherencia<\/b><\/span>: ideal para madera, MDF, cer\u00e1mica, yeso, metal y hormig\u00f3n.<\/p>\n<\/li>\n<li>\n<p class=\"p1\">\u2705 <span class=\"s1\"><b>F\u00e1cil aplicaci\u00f3n<\/b><\/span>: se puede usar con esp\u00e1tula o pistola aplicadora.<\/p>\n<\/li>\n<li>\n<p class=\"p1\">\u2705 <span class=\"s1\"><b>Secado r\u00e1pido y flexible<\/b><\/span>: permite manipulaci\u00f3n segura en menor tiempo.<\/p>\n<\/li>\n<li>\n<p class=\"p1\">\u2705 <span class=\"s1\"><b>Uso profesional y dom\u00e9stico<\/b><\/span>: perfecto para montaje de molduras, paneles, z\u00f3calos y m\u00e1s.<\/p>\n<\/li>\n<\/ul>\n<p class=\"p1\">Una soluci\u00f3n confiable para lograr <span class=\"s1\"><b>instalaciones firmes, limpias y duraderas<\/b><\/span>, tanto en interiores como exteriores.<\/p>\n","protected":false},"excerpt":{"rendered":"<p class=\"p1\">El <span class=\"s1\"><b>adhesivo de montaje gal\u00f3n<\/b><\/span> ofrece una fijaci\u00f3n r\u00e1pida y resistente. Ideal para unir madera, cer\u00e1mica y m\u00faltiples superficies con acabado profesional.<\/p>\n","protected":false},"featured_media":399,"comment_status":"open","ping_status":"closed","template":"","meta":[],"product_brand":[],"product_cat":[26],"product_tag":[53],"class_list":{"0":"post-289","1":"product","2":"type-product","3":"status-publish","4":"has-post-thumbnail","6":"product_cat-adhesivos-y-selladores","7":"product_tag-adhesivos","9":"first","10":"instock","11":"taxable","12":"shipping-taxable","13":"product-type-simple"},"yoast_head":"<!-- This site is optimized with the Yoast SEO plugin v26.5 - https:\/\/yoast.com\/wordpress\/plugins\/seo\/ -->\n<title>Adhesivo de Montaje - Gal\u00f3n - Proligna<\/title>\n<meta name=\"robots\" content=\"index, follow, max-snippet:-1, max-image-preview:large, max-video-preview:-1\" \/>\n<link rel=\"canonical\" href=\"https:\/\/proligna.cl\/index.php\/producto\/adhesivo-de-montaje-galon\/\" \/>\n<meta property=\"og:locale\" content=\"es_ES\" \/>\n<meta property=\"og:type\" content=\"article\" \/>\n<meta property=\"og:title\" content=\"Adhesivo de Montaje - Gal\u00f3n - Proligna\" \/>\n<meta property=\"og:description\" content=\"El adhesivo de montaje gal\u00f3n ofrece una fijaci\u00f3n r\u00e1pida y resistente. Ideal para unir madera, cer\u00e1mica y m\u00faltiples superficies con acabado profesional.\" \/>\n<meta property=\"og:url\" content=\"https:\/\/proligna.cl\/index.php\/producto\/adhesivo-de-montaje-galon\/\" \/>\n<meta property=\"og:site_name\" content=\"Proligna\" \/>\n<meta property=\"article:modified_time\" content=\"2025-10-20T19:44:37+00:00\" \/>\n<meta property=\"og:image\" content=\"https:\/\/proligna.cl\/wp-content\/uploads\/2025\/10\/Adhesivo-Montaje-Galon.png\" \/>\n\t<meta property=\"og:image:width\" content=\"1080\" \/>\n\t<meta property=\"og:image:height\" content=\"1080\" \/>\n\t<meta property=\"og:image:type\" content=\"image\/png\" \/>\n<meta name=\"twitter:card\" content=\"summary_large_image\" \/>\n<meta name=\"twitter:label1\" content=\"Tiempo de lectura\" \/>\n\t<meta name=\"twitter:data1\" content=\"1 minuto\" \/>\n<script type=\"application\/ld+json\" class=\"yoast-schema-graph\">{\"@context\":\"https:\/\/schema.org\",\"@graph\":[{\"@type\":\"WebPage\",\"@id\":\"https:\/\/proligna.cl\/index.php\/producto\/adhesivo-de-montaje-galon\/\",\"url\":\"https:\/\/proligna.cl\/index.php\/producto\/adhesivo-de-montaje-galon\/\",\"name\":\"Adhesivo de Montaje - Gal\u00f3n - Proligna\",\"isPartOf\":{\"@id\":\"https:\/\/proligna.cl\/#website\"},\"primaryImageOfPage\":{\"@id\":\"https:\/\/proligna.cl\/index.php\/producto\/adhesivo-de-montaje-galon\/#primaryimage\"},\"image\":{\"@id\":\"https:\/\/proligna.cl\/index.php\/producto\/adhesivo-de-montaje-galon\/#primaryimage\"},\"thumbnailUrl\":\"https:\/\/proligna.cl\/wp-content\/uploads\/2025\/10\/Adhesivo-Montaje-Galon.png\",\"datePublished\":\"2025-10-11T23:15:58+00:00\",\"dateModified\":\"2025-10-20T19:44:37+00:00\",\"breadcrumb\":{\"@id\":\"https:\/\/proligna.cl\/index.php\/producto\/adhesivo-de-montaje-galon\/#breadcrumb\"},\"inLanguage\":\"es\",\"potentialAction\":[{\"@type\":\"ReadAction\",\"target\":[\"https:\/\/proligna.cl\/index.php\/producto\/adhesivo-de-montaje-galon\/\"]}]},{\"@type\":\"ImageObject\",\"inLanguage\":\"es\",\"@id\":\"https:\/\/proligna.cl\/index.php\/producto\/adhesivo-de-montaje-galon\/#primaryimage\",\"url\":\"https:\/\/proligna.cl\/wp-content\/uploads\/2025\/10\/Adhesivo-Montaje-Galon.png\",\"contentUrl\":\"https:\/\/proligna.cl\/wp-content\/uploads\/2025\/10\/Adhesivo-Montaje-Galon.png\",\"width\":1080,\"height\":1080},{\"@type\":\"BreadcrumbList\",\"@id\":\"https:\/\/proligna.cl\/index.php\/producto\/adhesivo-de-montaje-galon\/#breadcrumb\",\"itemListElement\":[{\"@type\":\"ListItem\",\"position\":1,\"name\":\"Portada\",\"item\":\"https:\/\/proligna.cl\/\"},{\"@type\":\"ListItem\",\"position\":2,\"name\":\"Adhesivo de Montaje &#8211; Gal\u00f3n\"}]},{\"@type\":\"WebSite\",\"@id\":\"https:\/\/proligna.cl\/#website\",\"url\":\"https:\/\/proligna.cl\/\",\"name\":\"Proligna\",\"description\":\"\",\"publisher\":{\"@id\":\"https:\/\/proligna.cl\/#organization\"},\"potentialAction\":[{\"@type\":\"SearchAction\",\"target\":{\"@type\":\"EntryPoint\",\"urlTemplate\":\"https:\/\/proligna.cl\/?s={search_term_string}\"},\"query-input\":{\"@type\":\"PropertyValueSpecification\",\"valueRequired\":true,\"valueName\":\"search_term_string\"}}],\"inLanguage\":\"es\"},{\"@type\":\"Organization\",\"@id\":\"https:\/\/proligna.cl\/#organization\",\"name\":\"Proligna\",\"alternateName\":\"Proligna\",\"url\":\"https:\/\/proligna.cl\/\",\"logo\":{\"@type\":\"ImageObject\",\"inLanguage\":\"es\",\"@id\":\"https:\/\/proligna.cl\/#\/schema\/logo\/image\/\",\"url\":\"https:\/\/proligna.cl\/wp-content\/uploads\/2025\/11\/cropped-Logo.png\",\"contentUrl\":\"https:\/\/proligna.cl\/wp-content\/uploads\/2025\/11\/cropped-Logo.png\",\"width\":512,\"height\":512,\"caption\":\"Proligna\"},\"image\":{\"@id\":\"https:\/\/proligna.cl\/#\/schema\/logo\/image\/\"}}]}<\/script>\n<!-- \/ Yoast SEO plugin. -->","yoast_head_json":{"title":"Adhesivo de Montaje - Gal\u00f3n - Proligna","robots":{"index":"index","follow":"follow","max-snippet":"max-snippet:-1","max-image-preview":"max-image-preview:large","max-video-preview":"max-video-preview:-1"},"canonical":"https:\/\/proligna.cl\/index.php\/producto\/adhesivo-de-montaje-galon\/","og_locale":"es_ES","og_type":"article","og_title":"Adhesivo de Montaje - Gal\u00f3n - Proligna","og_description":"El adhesivo de montaje gal\u00f3n ofrece una fijaci\u00f3n r\u00e1pida y resistente. Ideal para unir madera, cer\u00e1mica y m\u00faltiples superficies con acabado profesional.","og_url":"https:\/\/proligna.cl\/index.php\/producto\/adhesivo-de-montaje-galon\/","og_site_name":"Proligna","article_modified_time":"2025-10-20T19:44:37+00:00","og_image":[{"width":1080,"height":1080,"url":"https:\/\/proligna.cl\/wp-content\/uploads\/2025\/10\/Adhesivo-Montaje-Galon.png","type":"image\/png"}],"twitter_card":"summary_large_image","twitter_misc":{"Tiempo de lectura":"1 minuto"},"schema":{"@context":"https:\/\/schema.org","@graph":[{"@type":"WebPage","@id":"https:\/\/proligna.cl\/index.php\/producto\/adhesivo-de-montaje-galon\/","url":"https:\/\/proligna.cl\/index.php\/producto\/adhesivo-de-montaje-galon\/","name":"Adhesivo de Montaje - Gal\u00f3n - Proligna","isPartOf":{"@id":"https:\/\/proligna.cl\/#website"},"primaryImageOfPage":{"@id":"https:\/\/proligna.cl\/index.php\/producto\/adhesivo-de-montaje-galon\/#primaryimage"},"image":{"@id":"https:\/\/proligna.cl\/index.php\/producto\/adhesivo-de-montaje-galon\/#primaryimage"},"thumbnailUrl":"https:\/\/proligna.cl\/wp-content\/uploads\/2025\/10\/Adhesivo-Montaje-Galon.png","datePublished":"2025-10-11T23:15:58+00:00","dateModified":"2025-10-20T19:44:37+00:00","breadcrumb":{"@id":"https:\/\/proligna.cl\/index.php\/producto\/adhesivo-de-montaje-galon\/#breadcrumb"},"inLanguage":"es","potentialAction":[{"@type":"ReadAction","target":["https:\/\/proligna.cl\/index.php\/producto\/adhesivo-de-montaje-galon\/"]}]},{"@type":"ImageObject","inLanguage":"es","@id":"https:\/\/proligna.cl\/index.php\/producto\/adhesivo-de-montaje-galon\/#primaryimage","url":"https:\/\/proligna.cl\/wp-content\/uploads\/2025\/10\/Adhesivo-Montaje-Galon.png","contentUrl":"https:\/\/proligna.cl\/wp-content\/uploads\/2025\/10\/Adhesivo-Montaje-Galon.png","width":1080,"height":1080},{"@type":"BreadcrumbList","@id":"https:\/\/proligna.cl\/index.php\/producto\/adhesivo-de-montaje-galon\/#breadcrumb","itemListElement":[{"@type":"ListItem","position":1,"name":"Portada","item":"https:\/\/proligna.cl\/"},{"@type":"ListItem","position":2,"name":"Adhesivo de Montaje &#8211; Gal\u00f3n"}]},{"@type":"WebSite","@id":"https:\/\/proligna.cl\/#website","url":"https:\/\/proligna.cl\/","name":"Proligna","description":"","publisher":{"@id":"https:\/\/proligna.cl\/#organization"},"potentialAction":[{"@type":"SearchAction","target":{"@type":"EntryPoint","urlTemplate":"https:\/\/proligna.cl\/?s={search_term_string}"},"query-input":{"@type":"PropertyValueSpecification","valueRequired":true,"valueName":"search_term_string"}}],"inLanguage":"es"},{"@type":"Organization","@id":"https:\/\/proligna.cl\/#organization","name":"Proligna","alternateName":"Proligna","url":"https:\/\/proligna.cl\/","logo":{"@type":"ImageObject","inLanguage":"es","@id":"https:\/\/proligna.cl\/#\/schema\/logo\/image\/","url":"https:\/\/proligna.cl\/wp-content\/uploads\/2025\/11\/cropped-Logo.png","contentUrl":"https:\/\/proligna.cl\/wp-content\/uploads\/2025\/11\/cropped-Logo.png","width":512,"height":512,"caption":"Proligna"},"image":{"@id":"https:\/\/proligna.cl\/#\/schema\/logo\/image\/"}}]}},"_links":{"self":[{"href":"https:\/\/proligna.cl\/index.php\/wp-json\/wp\/v2\/product\/289","targetHints":{"allow":["GET"]}}],"collection":[{"href":"https:\/\/proligna.cl\/index.php\/wp-json\/wp\/v2\/product"}],"about":[{"href":"https:\/\/proligna.cl\/index.php\/wp-json\/wp\/v2\/types\/product"}],"replies":[{"embeddable":true,"href":"https:\/\/proligna.cl\/index.php\/wp-json\/wp\/v2\/comments?post=289"}],"wp:featuredmedia":[{"embeddable":true,"href":"https:\/\/proligna.cl\/index.php\/wp-json\/wp\/v2\/media\/399"}],"wp:attachment":[{"href":"https:\/\/proligna.cl\/index.php\/wp-json\/wp\/v2\/media?parent=289"}],"wp:term":[{"taxonomy":"product_brand","embeddable":true,"href":"https:\/\/proligna.cl\/index.php\/wp-json\/wp\/v2\/product_brand?post=289"},{"taxonomy":"product_cat","embeddable":true,"href":"https:\/\/proligna.cl\/index.php\/wp-json\/wp\/v2\/product_cat?post=289"},{"taxonomy":"product_tag","embeddable":true,"href":"https:\/\/proligna.cl\/index.php\/wp-json\/wp\/v2\/product_tag?post=289"}],"curies":[{"name":"wp","href":"https:\/\/api.w.org\/{rel}","templated":true}]}}

Adhesivo de Montaje &#8211; Galón

<p class="p1">El <span class="s1"><b>adhesivo de montaje en formato galón</b></span> es ideal para <span class="s1"><b>instalaciones exigentes y trabajos profesionales</b></span>, garantizando una <span class="s1"><b>adhesión inmediata, resistente y duradera</b></span> sobre múltiples superficies. Su fórmula de alta viscosidad permite un excelente agarre inicial, reduciendo el uso de clavos o tornillos.</p>
<ul>
<li>
<p class="p1">✅ <span class="s1"><b>Presentación galón (3,78 L aprox.)</b></span>: rendimiento óptimo para proyectos de gran escala.</p>
</li>
<li>
<p class="p1">✅ <span class="s1"><b>Alta adherencia</b></span>: ideal para madera, MDF, cerámica, yeso, metal y hormigón.</p>
</li>
<li>
<p class="p1">✅ <span class="s1"><b>Fácil aplicación</b></span>: se puede usar con espátula o pistola aplicadora.</p>
</li>
<li>
<p class="p1">✅ <span class="s1"><b>Secado rápido y flexible</b></span>: permite manipulación segura en menor tiempo.</p>
</li>
<li>
<p class="p1">✅ <span class="s1"><b>Uso profesional y doméstico</b></span>: perfecto para montaje de molduras, paneles, zócalos y más.</p>
</li>
</ul>
<p class="p1">Una solución confiable para lograr <span class="s1"><b>instalaciones firmes, limpias y duraderas</b></span>, tanto en interiores como exteriores.</p>

<p class="p1">El <span class="s1"><b>adhesivo de montaje galón</b></span> ofrece una fijación rápida y resistente. Ideal para unir madera, cerámica y múltiples superficies con acabado profesional.</p>

<!-- This site is optimized with the Yoast SEO plugin v26.5 - https://yoast.com/wordpress/plugins/seo/ -->
<title>Adhesivo de Montaje - Galón - Proligna</title>
<meta name="robots" content="index, follow, max-snippet:-1, max-image-preview:large, max-video-preview:-1" />
<link rel="canonical" href="https://proligna.cl/index.php/producto/adhesivo-de-montaje-galon/" />
<meta property="og:locale" content="es_ES" />
<meta property="og:type" content="article" />
<meta property="og:title" content="Adhesivo de Montaje - Galón - Proligna" />
<meta property="og:description" content="El adhesivo de montaje galón ofrece una fijación rápida y resistente. Ideal para unir madera, cerámica y múltiples superficies con acabado profesional." />
<meta property="og:url" content="https://proligna.cl/index.php/producto/adhesivo-de-montaje-galon/" />
<meta property="og:site_name" content="Proligna" />
<meta property="article:modified_time" content="2025-10-20T19:44:37+00:00" />
<meta property="og:image" content="https://proligna.cl/wp-content/uploads/2025/10/Adhesivo-Montaje-Galon.png" />
	<meta property="og:image:width" content="1080" />
	<meta property="og:image:height" content="1080" />
	<meta property="og:image:type" content="image/png" />
<meta name="twitter:card" content="summary_large_image" />
<meta name="twitter:label1" content="Tiempo de lectura" />
	<meta name="twitter:data1" content="1 minuto" />
<script type="application/ld+json" class="yoast-schema-graph">{"@context":"https://schema.org","@graph":[{"@type":"WebPage","@id":"https://proligna.cl/index.php/producto/adhesivo-de-montaje-galon/","url":"https://proligna.cl/index.php/producto/adhesivo-de-montaje-galon/","name":"Adhesivo de Montaje - Galón - Proligna","isPartOf":{"@id":"https://proligna.cl/#website"},"primaryImageOfPage":{"@id":"https://proligna.cl/index.php/producto/adhesivo-de-montaje-galon/#primaryimage"},"image":{"@id":"https://proligna.cl/index.php/producto/adhesivo-de-montaje-galon/#primaryimage"},"thumbnailUrl":"https://proligna.cl/wp-content/uploads/2025/10/Adhesivo-Montaje-Galon.png","datePublished":"2025-10-11T23:15:58+00:00","dateModified":"2025-10-20T19:44:37+00:00","breadcrumb":{"@id":"https://proligna.cl/index.php/producto/adhesivo-de-montaje-galon/#breadcrumb"},"inLanguage":"es","potentialAction":[{"@type":"ReadAction","target":["https://proligna.cl/index.php/producto/adhesivo-de-montaje-galon/"]}]},{"@type":"ImageObject","inLanguage":"es","@id":"https://proligna.cl/index.php/producto/adhesivo-de-montaje-galon/#primaryimage","url":"https://proligna.cl/wp-content/uploads/2025/10/Adhesivo-Montaje-Galon.png","contentUrl":"https://proligna.cl/wp-content/uploads/2025/10/Adhesivo-Montaje-Galon.png","width":1080,"height":1080},{"@type":"BreadcrumbList","@id":"https://proligna.cl/index.php/producto/adhesivo-de-montaje-galon/#breadcrumb","itemListElement":[{"@type":"ListItem","position":1,"name":"Portada","item":"https://proligna.cl/"},{"@type":"ListItem","position":2,"name":"Adhesivo de Montaje &#8211; Galón"}]},{"@type":"WebSite","@id":"https://proligna.cl/#website","url":"https://proligna.cl/","name":"Proligna","description":"","publisher":{"@id":"https://proligna.cl/#organization"},"potentialAction":[{"@type":"SearchAction","target":{"@type":"EntryPoint","urlTemplate":"https://proligna.cl/?s={search_term_string}"},"query-input":{"@type":"PropertyValueSpecification","valueRequired":true,"valueName":"search_term_string"}}],"inLanguage":"es"},{"@type":"Organization","@id":"https://proligna.cl/#organization","name":"Proligna","alternateName":"Proligna","url":"https://proligna.cl/","logo":{"@type":"ImageObject","inLanguage":"es","@id":"https://proligna.cl/#/schema/logo/image/","url":"https://proligna.cl/wp-content/uploads/2025/11/cropped-Logo.png","contentUrl":"https://proligna.cl/wp-content/uploads/2025/11/cropped-Logo.png","width":512,"height":512,"caption":"Proligna"},"image":{"@id":"https://proligna.cl/#/schema/logo/image/"}}]}</script>
<!-- / Yoast SEO plugin. -->

Adhesivo de Montaje - Galón - Proligna

El adhesivo de montaje galón ofrece una fijación rápida y resistente. Ideal para unir madera, cerámica y múltiples superficies con acabado profesional.
