{"id":301,"date":"2025-10-12T01:12:53","date_gmt":"2025-10-12T01:12:53","guid":{"rendered":"https:\/\/proligna.cl\/?post_type=product&#038;p=301"},"modified":"2025-10-20T20:04:59","modified_gmt":"2025-10-20T20:04:59","slug":"adhesivo-de-contacto-200-cc","status":"publish","type":"product","link":"https:\/\/proligna.cl\/index.php\/producto\/adhesivo-de-contacto-200-cc\/","title":{"rendered":"Adhesivo de contacto &#8211; 200 cc"},"content":{"rendered":"<p class=\"p1\">El <span class=\"s1\"><b>adhesivo s\u00faper contacto 200 cc<\/b><\/span> es un pegamento de <span class=\"s1\"><b>alta adherencia y secado r\u00e1pido<\/b><\/span>, ideal para <span class=\"s1\"><b>trabajos de montaje, laminaci\u00f3n y reparaci\u00f3n<\/b><\/span> en diversos materiales. Su f\u00f3rmula de caucho sint\u00e9tico asegura uniones firmes, flexibles y resistentes al calor, la humedad y el paso del tiempo.<\/p>\n<ul>\n<li>\n<p class=\"p1\">\u2705 <span class=\"s1\"><b>Presentaci\u00f3n 200 cc<\/b><\/span>: pr\u00e1ctica y precisa para trabajos medianos o detallados.<\/p>\n<\/li>\n<li>\n<p class=\"p1\">\u2705 <span class=\"s1\"><b>Adhesi\u00f3n inmediata<\/b><\/span>: une madera, cuero, goma, laminados, metal y pl\u00e1stico.<\/p>\n<\/li>\n<li>\n<p class=\"p1\">\u2705 <span class=\"s1\"><b>Secado r\u00e1pido<\/b><\/span>: facilita montajes r\u00e1pidos y terminaciones limpias.<\/p>\n<\/li>\n<li>\n<p class=\"p1\">\u2705 <span class=\"s1\"><b>Alta resistencia<\/b><\/span>: mantiene la uni\u00f3n estable frente a temperatura y vibraci\u00f3n.<\/p>\n<\/li>\n<li>\n<p class=\"p1\">\u2705 <span class=\"s1\"><b>Aplicaci\u00f3n sencilla<\/b><\/span>: se extiende con brocha o esp\u00e1tula sobre ambas superficies.<\/p>\n<\/li>\n<\/ul>\n<p class=\"p4\"><span class=\"s3\">Un adhesivo <\/span><b>profesional y vers\u00e1til<\/b><span class=\"s3\">, dise\u00f1ado para entregar <\/span><b>resultados fuertes, limpios y duraderos<\/b><span class=\"s3\"> en cada uni\u00f3n.<\/span><\/p>\n","protected":false},"excerpt":{"rendered":"<p class=\"p1\">El <span class=\"s1\"><b>adhesivo s\u00faper contacto 200 cc<\/b><\/span> ofrece un pegado r\u00e1pido, firme y duradero. Ideal para madera, goma, cuero y m\u00faltiples materiales.<\/p>\n","protected":false},"featured_media":404,"comment_status":"open","ping_status":"closed","template":"","meta":[],"product_brand":[],"product_cat":[26],"product_tag":[53],"class_list":{"0":"post-301","1":"product","2":"type-product","3":"status-publish","4":"has-post-thumbnail","6":"product_cat-adhesivos-y-selladores","7":"product_tag-adhesivos","9":"first","10":"instock","11":"taxable","12":"shipping-taxable","13":"product-type-simple"},"yoast_head":"<!-- This site is optimized with the Yoast SEO plugin v26.5 - https:\/\/yoast.com\/wordpress\/plugins\/seo\/ -->\n<title>Adhesivo de contacto - 200 cc - Proligna<\/title>\n<meta name=\"robots\" content=\"index, follow, max-snippet:-1, max-image-preview:large, max-video-preview:-1\" \/>\n<link rel=\"canonical\" href=\"https:\/\/proligna.cl\/index.php\/producto\/adhesivo-de-contacto-200-cc\/\" \/>\n<meta property=\"og:locale\" content=\"es_ES\" \/>\n<meta property=\"og:type\" content=\"article\" \/>\n<meta property=\"og:title\" content=\"Adhesivo de contacto - 200 cc - Proligna\" \/>\n<meta property=\"og:description\" content=\"El adhesivo s\u00faper contacto 200 cc ofrece un pegado r\u00e1pido, firme y duradero. Ideal para madera, goma, cuero y m\u00faltiples materiales.\" \/>\n<meta property=\"og:url\" content=\"https:\/\/proligna.cl\/index.php\/producto\/adhesivo-de-contacto-200-cc\/\" \/>\n<meta property=\"og:site_name\" content=\"Proligna\" \/>\n<meta property=\"article:modified_time\" content=\"2025-10-20T20:04:59+00:00\" \/>\n<meta property=\"og:image\" content=\"https:\/\/proligna.cl\/wp-content\/uploads\/2025\/10\/Adhesivo-de-contacto-200-cc.png\" \/>\n\t<meta property=\"og:image:width\" content=\"1080\" \/>\n\t<meta property=\"og:image:height\" content=\"1080\" \/>\n\t<meta property=\"og:image:type\" content=\"image\/png\" \/>\n<meta name=\"twitter:card\" content=\"summary_large_image\" \/>\n<meta name=\"twitter:label1\" content=\"Tiempo de lectura\" \/>\n\t<meta name=\"twitter:data1\" content=\"1 minuto\" \/>\n<script type=\"application\/ld+json\" class=\"yoast-schema-graph\">{\"@context\":\"https:\/\/schema.org\",\"@graph\":[{\"@type\":\"WebPage\",\"@id\":\"https:\/\/proligna.cl\/index.php\/producto\/adhesivo-de-contacto-200-cc\/\",\"url\":\"https:\/\/proligna.cl\/index.php\/producto\/adhesivo-de-contacto-200-cc\/\",\"name\":\"Adhesivo de contacto - 200 cc - Proligna\",\"isPartOf\":{\"@id\":\"https:\/\/proligna.cl\/#website\"},\"primaryImageOfPage\":{\"@id\":\"https:\/\/proligna.cl\/index.php\/producto\/adhesivo-de-contacto-200-cc\/#primaryimage\"},\"image\":{\"@id\":\"https:\/\/proligna.cl\/index.php\/producto\/adhesivo-de-contacto-200-cc\/#primaryimage\"},\"thumbnailUrl\":\"https:\/\/proligna.cl\/wp-content\/uploads\/2025\/10\/Adhesivo-de-contacto-200-cc.png\",\"datePublished\":\"2025-10-12T01:12:53+00:00\",\"dateModified\":\"2025-10-20T20:04:59+00:00\",\"breadcrumb\":{\"@id\":\"https:\/\/proligna.cl\/index.php\/producto\/adhesivo-de-contacto-200-cc\/#breadcrumb\"},\"inLanguage\":\"es\",\"potentialAction\":[{\"@type\":\"ReadAction\",\"target\":[\"https:\/\/proligna.cl\/index.php\/producto\/adhesivo-de-contacto-200-cc\/\"]}]},{\"@type\":\"ImageObject\",\"inLanguage\":\"es\",\"@id\":\"https:\/\/proligna.cl\/index.php\/producto\/adhesivo-de-contacto-200-cc\/#primaryimage\",\"url\":\"https:\/\/proligna.cl\/wp-content\/uploads\/2025\/10\/Adhesivo-de-contacto-200-cc.png\",\"contentUrl\":\"https:\/\/proligna.cl\/wp-content\/uploads\/2025\/10\/Adhesivo-de-contacto-200-cc.png\",\"width\":1080,\"height\":1080},{\"@type\":\"BreadcrumbList\",\"@id\":\"https:\/\/proligna.cl\/index.php\/producto\/adhesivo-de-contacto-200-cc\/#breadcrumb\",\"itemListElement\":[{\"@type\":\"ListItem\",\"position\":1,\"name\":\"Portada\",\"item\":\"https:\/\/proligna.cl\/\"},{\"@type\":\"ListItem\",\"position\":2,\"name\":\"Adhesivo de contacto &#8211; 200 cc\"}]},{\"@type\":\"WebSite\",\"@id\":\"https:\/\/proligna.cl\/#website\",\"url\":\"https:\/\/proligna.cl\/\",\"name\":\"Proligna\",\"description\":\"\",\"publisher\":{\"@id\":\"https:\/\/proligna.cl\/#organization\"},\"potentialAction\":[{\"@type\":\"SearchAction\",\"target\":{\"@type\":\"EntryPoint\",\"urlTemplate\":\"https:\/\/proligna.cl\/?s={search_term_string}\"},\"query-input\":{\"@type\":\"PropertyValueSpecification\",\"valueRequired\":true,\"valueName\":\"search_term_string\"}}],\"inLanguage\":\"es\"},{\"@type\":\"Organization\",\"@id\":\"https:\/\/proligna.cl\/#organization\",\"name\":\"Proligna\",\"alternateName\":\"Proligna\",\"url\":\"https:\/\/proligna.cl\/\",\"logo\":{\"@type\":\"ImageObject\",\"inLanguage\":\"es\",\"@id\":\"https:\/\/proligna.cl\/#\/schema\/logo\/image\/\",\"url\":\"https:\/\/proligna.cl\/wp-content\/uploads\/2025\/11\/cropped-Logo.png\",\"contentUrl\":\"https:\/\/proligna.cl\/wp-content\/uploads\/2025\/11\/cropped-Logo.png\",\"width\":512,\"height\":512,\"caption\":\"Proligna\"},\"image\":{\"@id\":\"https:\/\/proligna.cl\/#\/schema\/logo\/image\/\"}}]}<\/script>\n<!-- \/ Yoast SEO plugin. -->","yoast_head_json":{"title":"Adhesivo de contacto - 200 cc - Proligna","robots":{"index":"index","follow":"follow","max-snippet":"max-snippet:-1","max-image-preview":"max-image-preview:large","max-video-preview":"max-video-preview:-1"},"canonical":"https:\/\/proligna.cl\/index.php\/producto\/adhesivo-de-contacto-200-cc\/","og_locale":"es_ES","og_type":"article","og_title":"Adhesivo de contacto - 200 cc - Proligna","og_description":"El adhesivo s\u00faper contacto 200 cc ofrece un pegado r\u00e1pido, firme y duradero. Ideal para madera, goma, cuero y m\u00faltiples materiales.","og_url":"https:\/\/proligna.cl\/index.php\/producto\/adhesivo-de-contacto-200-cc\/","og_site_name":"Proligna","article_modified_time":"2025-10-20T20:04:59+00:00","og_image":[{"width":1080,"height":1080,"url":"https:\/\/proligna.cl\/wp-content\/uploads\/2025\/10\/Adhesivo-de-contacto-200-cc.png","type":"image\/png"}],"twitter_card":"summary_large_image","twitter_misc":{"Tiempo de lectura":"1 minuto"},"schema":{"@context":"https:\/\/schema.org","@graph":[{"@type":"WebPage","@id":"https:\/\/proligna.cl\/index.php\/producto\/adhesivo-de-contacto-200-cc\/","url":"https:\/\/proligna.cl\/index.php\/producto\/adhesivo-de-contacto-200-cc\/","name":"Adhesivo de contacto - 200 cc - Proligna","isPartOf":{"@id":"https:\/\/proligna.cl\/#website"},"primaryImageOfPage":{"@id":"https:\/\/proligna.cl\/index.php\/producto\/adhesivo-de-contacto-200-cc\/#primaryimage"},"image":{"@id":"https:\/\/proligna.cl\/index.php\/producto\/adhesivo-de-contacto-200-cc\/#primaryimage"},"thumbnailUrl":"https:\/\/proligna.cl\/wp-content\/uploads\/2025\/10\/Adhesivo-de-contacto-200-cc.png","datePublished":"2025-10-12T01:12:53+00:00","dateModified":"2025-10-20T20:04:59+00:00","breadcrumb":{"@id":"https:\/\/proligna.cl\/index.php\/producto\/adhesivo-de-contacto-200-cc\/#breadcrumb"},"inLanguage":"es","potentialAction":[{"@type":"ReadAction","target":["https:\/\/proligna.cl\/index.php\/producto\/adhesivo-de-contacto-200-cc\/"]}]},{"@type":"ImageObject","inLanguage":"es","@id":"https:\/\/proligna.cl\/index.php\/producto\/adhesivo-de-contacto-200-cc\/#primaryimage","url":"https:\/\/proligna.cl\/wp-content\/uploads\/2025\/10\/Adhesivo-de-contacto-200-cc.png","contentUrl":"https:\/\/proligna.cl\/wp-content\/uploads\/2025\/10\/Adhesivo-de-contacto-200-cc.png","width":1080,"height":1080},{"@type":"BreadcrumbList","@id":"https:\/\/proligna.cl\/index.php\/producto\/adhesivo-de-contacto-200-cc\/#breadcrumb","itemListElement":[{"@type":"ListItem","position":1,"name":"Portada","item":"https:\/\/proligna.cl\/"},{"@type":"ListItem","position":2,"name":"Adhesivo de contacto &#8211; 200 cc"}]},{"@type":"WebSite","@id":"https:\/\/proligna.cl\/#website","url":"https:\/\/proligna.cl\/","name":"Proligna","description":"","publisher":{"@id":"https:\/\/proligna.cl\/#organization"},"potentialAction":[{"@type":"SearchAction","target":{"@type":"EntryPoint","urlTemplate":"https:\/\/proligna.cl\/?s={search_term_string}"},"query-input":{"@type":"PropertyValueSpecification","valueRequired":true,"valueName":"search_term_string"}}],"inLanguage":"es"},{"@type":"Organization","@id":"https:\/\/proligna.cl\/#organization","name":"Proligna","alternateName":"Proligna","url":"https:\/\/proligna.cl\/","logo":{"@type":"ImageObject","inLanguage":"es","@id":"https:\/\/proligna.cl\/#\/schema\/logo\/image\/","url":"https:\/\/proligna.cl\/wp-content\/uploads\/2025\/11\/cropped-Logo.png","contentUrl":"https:\/\/proligna.cl\/wp-content\/uploads\/2025\/11\/cropped-Logo.png","width":512,"height":512,"caption":"Proligna"},"image":{"@id":"https:\/\/proligna.cl\/#\/schema\/logo\/image\/"}}]}},"_links":{"self":[{"href":"https:\/\/proligna.cl\/index.php\/wp-json\/wp\/v2\/product\/301","targetHints":{"allow":["GET"]}}],"collection":[{"href":"https:\/\/proligna.cl\/index.php\/wp-json\/wp\/v2\/product"}],"about":[{"href":"https:\/\/proligna.cl\/index.php\/wp-json\/wp\/v2\/types\/product"}],"replies":[{"embeddable":true,"href":"https:\/\/proligna.cl\/index.php\/wp-json\/wp\/v2\/comments?post=301"}],"wp:featuredmedia":[{"embeddable":true,"href":"https:\/\/proligna.cl\/index.php\/wp-json\/wp\/v2\/media\/404"}],"wp:attachment":[{"href":"https:\/\/proligna.cl\/index.php\/wp-json\/wp\/v2\/media?parent=301"}],"wp:term":[{"taxonomy":"product_brand","embeddable":true,"href":"https:\/\/proligna.cl\/index.php\/wp-json\/wp\/v2\/product_brand?post=301"},{"taxonomy":"product_cat","embeddable":true,"href":"https:\/\/proligna.cl\/index.php\/wp-json\/wp\/v2\/product_cat?post=301"},{"taxonomy":"product_tag","embeddable":true,"href":"https:\/\/proligna.cl\/index.php\/wp-json\/wp\/v2\/product_tag?post=301"}],"curies":[{"name":"wp","href":"https:\/\/api.w.org\/{rel}","templated":true}]}}

<p class="p1">El <span class="s1"><b>adhesivo súper contacto 200 cc</b></span> es un pegamento de <span class="s1"><b>alta adherencia y secado rápido</b></span>, ideal para <span class="s1"><b>trabajos de montaje, laminación y reparación</b></span> en diversos materiales. Su fórmula de caucho sintético asegura uniones firmes, flexibles y resistentes al calor, la humedad y el paso del tiempo.</p>
<ul>
<li>
<p class="p1">✅ <span class="s1"><b>Presentación 200 cc</b></span>: práctica y precisa para trabajos medianos o detallados.</p>
</li>
<li>
<p class="p1">✅ <span class="s1"><b>Adhesión inmediata</b></span>: une madera, cuero, goma, laminados, metal y plástico.</p>
</li>
<li>
<p class="p1">✅ <span class="s1"><b>Secado rápido</b></span>: facilita montajes rápidos y terminaciones limpias.</p>
</li>
<li>
<p class="p1">✅ <span class="s1"><b>Alta resistencia</b></span>: mantiene la unión estable frente a temperatura y vibración.</p>
</li>
<li>
<p class="p1">✅ <span class="s1"><b>Aplicación sencilla</b></span>: se extiende con brocha o espátula sobre ambas superficies.</p>
</li>
</ul>
<p class="p4"><span class="s3">Un adhesivo </span><b>profesional y versátil</b><span class="s3">, diseñado para entregar </span><b>resultados fuertes, limpios y duraderos</b><span class="s3"> en cada unión.</span></p>

<p class="p1">El <span class="s1"><b>adhesivo súper contacto 200 cc</b></span> ofrece un pegado rápido, firme y duradero. Ideal para madera, goma, cuero y múltiples materiales.</p>

<!-- This site is optimized with the Yoast SEO plugin v26.5 - https://yoast.com/wordpress/plugins/seo/ -->
<title>Adhesivo de contacto - 200 cc - Proligna</title>
<meta name="robots" content="index, follow, max-snippet:-1, max-image-preview:large, max-video-preview:-1" />
<link rel="canonical" href="https://proligna.cl/index.php/producto/adhesivo-de-contacto-200-cc/" />
<meta property="og:locale" content="es_ES" />
<meta property="og:type" content="article" />
<meta property="og:title" content="Adhesivo de contacto - 200 cc - Proligna" />
<meta property="og:description" content="El adhesivo súper contacto 200 cc ofrece un pegado rápido, firme y duradero. Ideal para madera, goma, cuero y múltiples materiales." />
<meta property="og:url" content="https://proligna.cl/index.php/producto/adhesivo-de-contacto-200-cc/" />
<meta property="og:site_name" content="Proligna" />
<meta property="article:modified_time" content="2025-10-20T20:04:59+00:00" />
<meta property="og:image" content="https://proligna.cl/wp-content/uploads/2025/10/Adhesivo-de-contacto-200-cc.png" />
	<meta property="og:image:width" content="1080" />
	<meta property="og:image:height" content="1080" />
	<meta property="og:image:type" content="image/png" />
<meta name="twitter:card" content="summary_large_image" />
<meta name="twitter:label1" content="Tiempo de lectura" />
	<meta name="twitter:data1" content="1 minuto" />
<script type="application/ld+json" class="yoast-schema-graph">{"@context":"https://schema.org","@graph":[{"@type":"WebPage","@id":"https://proligna.cl/index.php/producto/adhesivo-de-contacto-200-cc/","url":"https://proligna.cl/index.php/producto/adhesivo-de-contacto-200-cc/","name":"Adhesivo de contacto - 200 cc - Proligna","isPartOf":{"@id":"https://proligna.cl/#website"},"primaryImageOfPage":{"@id":"https://proligna.cl/index.php/producto/adhesivo-de-contacto-200-cc/#primaryimage"},"image":{"@id":"https://proligna.cl/index.php/producto/adhesivo-de-contacto-200-cc/#primaryimage"},"thumbnailUrl":"https://proligna.cl/wp-content/uploads/2025/10/Adhesivo-de-contacto-200-cc.png","datePublished":"2025-10-12T01:12:53+00:00","dateModified":"2025-10-20T20:04:59+00:00","breadcrumb":{"@id":"https://proligna.cl/index.php/producto/adhesivo-de-contacto-200-cc/#breadcrumb"},"inLanguage":"es","potentialAction":[{"@type":"ReadAction","target":["https://proligna.cl/index.php/producto/adhesivo-de-contacto-200-cc/"]}]},{"@type":"ImageObject","inLanguage":"es","@id":"https://proligna.cl/index.php/producto/adhesivo-de-contacto-200-cc/#primaryimage","url":"https://proligna.cl/wp-content/uploads/2025/10/Adhesivo-de-contacto-200-cc.png","contentUrl":"https://proligna.cl/wp-content/uploads/2025/10/Adhesivo-de-contacto-200-cc.png","width":1080,"height":1080},{"@type":"BreadcrumbList","@id":"https://proligna.cl/index.php/producto/adhesivo-de-contacto-200-cc/#breadcrumb","itemListElement":[{"@type":"ListItem","position":1,"name":"Portada","item":"https://proligna.cl/"},{"@type":"ListItem","position":2,"name":"Adhesivo de contacto &#8211; 200 cc"}]},{"@type":"WebSite","@id":"https://proligna.cl/#website","url":"https://proligna.cl/","name":"Proligna","description":"","publisher":{"@id":"https://proligna.cl/#organization"},"potentialAction":[{"@type":"SearchAction","target":{"@type":"EntryPoint","urlTemplate":"https://proligna.cl/?s={search_term_string}"},"query-input":{"@type":"PropertyValueSpecification","valueRequired":true,"valueName":"search_term_string"}}],"inLanguage":"es"},{"@type":"Organization","@id":"https://proligna.cl/#organization","name":"Proligna","alternateName":"Proligna","url":"https://proligna.cl/","logo":{"@type":"ImageObject","inLanguage":"es","@id":"https://proligna.cl/#/schema/logo/image/","url":"https://proligna.cl/wp-content/uploads/2025/11/cropped-Logo.png","contentUrl":"https://proligna.cl/wp-content/uploads/2025/11/cropped-Logo.png","width":512,"height":512,"caption":"Proligna"},"image":{"@id":"https://proligna.cl/#/schema/logo/image/"}}]}</script>
<!-- / Yoast SEO plugin. -->

El adhesivo súper contacto 200 cc ofrece un pegado rápido, firme y duradero. Ideal para madera, goma, cuero y múltiples materiales.
