{"id":530,"date":"2025-11-01T13:34:36","date_gmt":"2025-11-01T13:34:36","guid":{"rendered":"https:\/\/proligna.cl\/?post_type=product&#038;p=530"},"modified":"2025-11-01T15:06:56","modified_gmt":"2025-11-01T15:06:56","slug":"placa-mdf-3-mmla-placa-mdf-3-mm-es-un-tablero-de-fibra-de-madera-de-densidad-media-liviano-y-con-una-superficie-perfectamente-lisa-ideal-para-revestimientos-interiores-fondos-de-muebles-y-proyect","status":"publish","type":"product","link":"https:\/\/proligna.cl\/index.php\/producto\/placa-mdf-3-mmla-placa-mdf-3-mm-es-un-tablero-de-fibra-de-madera-de-densidad-media-liviano-y-con-una-superficie-perfectamente-lisa-ideal-para-revestimientos-interiores-fondos-de-muebles-y-proyect\/","title":{"rendered":"Placa MDF &#8211; 3 mm"},"content":{"rendered":"<p class=\"p1\">La <span class=\"s1\"><b>placa MDF 3 mm<\/b><\/span> es un tablero de <span class=\"s1\"><b>fibra de madera de densidad media<\/b><\/span>, liviano y con una <span class=\"s1\"><b>superficie perfectamente lisa<\/b><\/span>, ideal para <span class=\"s1\"><b>revestimientos interiores, fondos de muebles y proyectos decorativos<\/b><\/span>. Se puede cortar f\u00e1cilmente y admite todo tipo de terminaciones: pintura, vinilos, adhesivos y enchapes.<\/p>\n<ul>\n<li>\n<p class=\"p1\">\u2705 <span class=\"s1\"><b>Espesor 3 mm<\/b><\/span>: delgado, liviano y f\u00e1cil de manipular.<\/p>\n<\/li>\n<li>\n<p class=\"p1\">\u2705 <span class=\"s1\"><b>Superficie lisa y homog\u00e9nea<\/b><\/span>: ideal para acabados finos.<\/p>\n<\/li>\n<li>\n<p class=\"p1\">\u2705 <span class=\"s1\"><b>Excelente estabilidad<\/b><\/span> para muebles y revestimientos interiores.<\/p>\n<\/li>\n<li>\n<p class=\"p1\">\u2705 Permite <span class=\"s1\"><b>cortes precisos<\/b><\/span> y trabajabilidad en carpinter\u00eda.<\/p>\n<\/li>\n<li>\n<p class=\"p1\"><span class=\"s1\">\u2705 Compatible con <\/span><b>pintura, barniz, papel mural y chapas de madera<\/b><span class=\"s1\">.<\/span><\/p>\n<\/li>\n<\/ul>\n<p class=\"p1\">Una soluci\u00f3n <span class=\"s1\"><b>econ\u00f3mica, vers\u00e1til y decorativa<\/b><\/span> para m\u00faltiples aplicaciones en carpinter\u00eda y dise\u00f1o.<\/p>\n","protected":false},"excerpt":{"rendered":"<p class=\"p1\">El <span class=\"s1\"><b>MDF 3 mm<\/b><\/span> es perfecto para fondos de muebles, revestimientos y proyectos creativos. Superficie lisa y f\u00e1cil de trabajar.<\/p>\n","protected":false},"featured_media":0,"comment_status":"open","ping_status":"closed","template":"","meta":[],"product_brand":[],"product_cat":[60],"product_tag":[58],"class_list":{"0":"post-530","1":"product","2":"type-product","3":"status-publish","5":"product_cat-placa-desnuda","6":"product_tag-placa-desnuda","8":"first","9":"instock","10":"taxable","11":"shipping-taxable","12":"product-type-simple"},"yoast_head":"<!-- This site is optimized with the Yoast SEO plugin v26.5 - https:\/\/yoast.com\/wordpress\/plugins\/seo\/ -->\n<title>Placa MDF - 3 mm - Proligna<\/title>\n<meta name=\"robots\" content=\"index, follow, max-snippet:-1, max-image-preview:large, max-video-preview:-1\" \/>\n<link rel=\"canonical\" href=\"https:\/\/proligna.cl\/index.php\/producto\/placa-mdf-3-mmla-placa-mdf-3-mm-es-un-tablero-de-fibra-de-madera-de-densidad-media-liviano-y-con-una-superficie-perfectamente-lisa-ideal-para-revestimientos-interiores-fondos-de-muebles-y-proyect\/\" \/>\n<meta property=\"og:locale\" content=\"es_ES\" \/>\n<meta property=\"og:type\" content=\"article\" \/>\n<meta property=\"og:title\" content=\"Placa MDF - 3 mm - Proligna\" \/>\n<meta property=\"og:description\" content=\"El MDF 3 mm es perfecto para fondos de muebles, revestimientos y proyectos creativos. Superficie lisa y f\u00e1cil de trabajar.\" \/>\n<meta property=\"og:url\" content=\"https:\/\/proligna.cl\/index.php\/producto\/placa-mdf-3-mmla-placa-mdf-3-mm-es-un-tablero-de-fibra-de-madera-de-densidad-media-liviano-y-con-una-superficie-perfectamente-lisa-ideal-para-revestimientos-interiores-fondos-de-muebles-y-proyect\/\" \/>\n<meta property=\"og:site_name\" content=\"Proligna\" \/>\n<meta property=\"article:modified_time\" content=\"2025-11-01T15:06:56+00:00\" \/>\n<meta property=\"og:image\" content=\"https:\/\/proligna.cl\/wp-content\/uploads\/2025\/11\/cropped-Logo.png\" \/>\n\t<meta property=\"og:image:width\" content=\"512\" \/>\n\t<meta property=\"og:image:height\" content=\"512\" \/>\n\t<meta property=\"og:image:type\" content=\"image\/png\" \/>\n<meta name=\"twitter:card\" content=\"summary_large_image\" \/>\n<meta name=\"twitter:label1\" content=\"Tiempo de lectura\" \/>\n\t<meta name=\"twitter:data1\" content=\"1 minuto\" \/>\n<script type=\"application\/ld+json\" class=\"yoast-schema-graph\">{\"@context\":\"https:\/\/schema.org\",\"@graph\":[{\"@type\":\"WebPage\",\"@id\":\"https:\/\/proligna.cl\/index.php\/producto\/placa-mdf-3-mmla-placa-mdf-3-mm-es-un-tablero-de-fibra-de-madera-de-densidad-media-liviano-y-con-una-superficie-perfectamente-lisa-ideal-para-revestimientos-interiores-fondos-de-muebles-y-proyect\/\",\"url\":\"https:\/\/proligna.cl\/index.php\/producto\/placa-mdf-3-mmla-placa-mdf-3-mm-es-un-tablero-de-fibra-de-madera-de-densidad-media-liviano-y-con-una-superficie-perfectamente-lisa-ideal-para-revestimientos-interiores-fondos-de-muebles-y-proyect\/\",\"name\":\"Placa MDF - 3 mm - Proligna\",\"isPartOf\":{\"@id\":\"https:\/\/proligna.cl\/#website\"},\"datePublished\":\"2025-11-01T13:34:36+00:00\",\"dateModified\":\"2025-11-01T15:06:56+00:00\",\"breadcrumb\":{\"@id\":\"https:\/\/proligna.cl\/index.php\/producto\/placa-mdf-3-mmla-placa-mdf-3-mm-es-un-tablero-de-fibra-de-madera-de-densidad-media-liviano-y-con-una-superficie-perfectamente-lisa-ideal-para-revestimientos-interiores-fondos-de-muebles-y-proyect\/#breadcrumb\"},\"inLanguage\":\"es\",\"potentialAction\":[{\"@type\":\"ReadAction\",\"target\":[\"https:\/\/proligna.cl\/index.php\/producto\/placa-mdf-3-mmla-placa-mdf-3-mm-es-un-tablero-de-fibra-de-madera-de-densidad-media-liviano-y-con-una-superficie-perfectamente-lisa-ideal-para-revestimientos-interiores-fondos-de-muebles-y-proyect\/\"]}]},{\"@type\":\"BreadcrumbList\",\"@id\":\"https:\/\/proligna.cl\/index.php\/producto\/placa-mdf-3-mmla-placa-mdf-3-mm-es-un-tablero-de-fibra-de-madera-de-densidad-media-liviano-y-con-una-superficie-perfectamente-lisa-ideal-para-revestimientos-interiores-fondos-de-muebles-y-proyect\/#breadcrumb\",\"itemListElement\":[{\"@type\":\"ListItem\",\"position\":1,\"name\":\"Portada\",\"item\":\"https:\/\/proligna.cl\/\"},{\"@type\":\"ListItem\",\"position\":2,\"name\":\"Placa MDF &#8211; 3 mm\"}]},{\"@type\":\"WebSite\",\"@id\":\"https:\/\/proligna.cl\/#website\",\"url\":\"https:\/\/proligna.cl\/\",\"name\":\"Proligna\",\"description\":\"\",\"publisher\":{\"@id\":\"https:\/\/proligna.cl\/#organization\"},\"potentialAction\":[{\"@type\":\"SearchAction\",\"target\":{\"@type\":\"EntryPoint\",\"urlTemplate\":\"https:\/\/proligna.cl\/?s={search_term_string}\"},\"query-input\":{\"@type\":\"PropertyValueSpecification\",\"valueRequired\":true,\"valueName\":\"search_term_string\"}}],\"inLanguage\":\"es\"},{\"@type\":\"Organization\",\"@id\":\"https:\/\/proligna.cl\/#organization\",\"name\":\"Proligna\",\"alternateName\":\"Proligna\",\"url\":\"https:\/\/proligna.cl\/\",\"logo\":{\"@type\":\"ImageObject\",\"inLanguage\":\"es\",\"@id\":\"https:\/\/proligna.cl\/#\/schema\/logo\/image\/\",\"url\":\"https:\/\/proligna.cl\/wp-content\/uploads\/2025\/11\/cropped-Logo.png\",\"contentUrl\":\"https:\/\/proligna.cl\/wp-content\/uploads\/2025\/11\/cropped-Logo.png\",\"width\":512,\"height\":512,\"caption\":\"Proligna\"},\"image\":{\"@id\":\"https:\/\/proligna.cl\/#\/schema\/logo\/image\/\"}}]}<\/script>\n<!-- \/ Yoast SEO plugin. -->","yoast_head_json":{"title":"Placa MDF - 3 mm - Proligna","robots":{"index":"index","follow":"follow","max-snippet":"max-snippet:-1","max-image-preview":"max-image-preview:large","max-video-preview":"max-video-preview:-1"},"canonical":"https:\/\/proligna.cl\/index.php\/producto\/placa-mdf-3-mmla-placa-mdf-3-mm-es-un-tablero-de-fibra-de-madera-de-densidad-media-liviano-y-con-una-superficie-perfectamente-lisa-ideal-para-revestimientos-interiores-fondos-de-muebles-y-proyect\/","og_locale":"es_ES","og_type":"article","og_title":"Placa MDF - 3 mm - Proligna","og_description":"El MDF 3 mm es perfecto para fondos de muebles, revestimientos y proyectos creativos. Superficie lisa y f\u00e1cil de trabajar.","og_url":"https:\/\/proligna.cl\/index.php\/producto\/placa-mdf-3-mmla-placa-mdf-3-mm-es-un-tablero-de-fibra-de-madera-de-densidad-media-liviano-y-con-una-superficie-perfectamente-lisa-ideal-para-revestimientos-interiores-fondos-de-muebles-y-proyect\/","og_site_name":"Proligna","article_modified_time":"2025-11-01T15:06:56+00:00","og_image":[{"width":512,"height":512,"url":"https:\/\/proligna.cl\/wp-content\/uploads\/2025\/11\/cropped-Logo.png","type":"image\/png"}],"twitter_card":"summary_large_image","twitter_misc":{"Tiempo de lectura":"1 minuto"},"schema":{"@context":"https:\/\/schema.org","@graph":[{"@type":"WebPage","@id":"https:\/\/proligna.cl\/index.php\/producto\/placa-mdf-3-mmla-placa-mdf-3-mm-es-un-tablero-de-fibra-de-madera-de-densidad-media-liviano-y-con-una-superficie-perfectamente-lisa-ideal-para-revestimientos-interiores-fondos-de-muebles-y-proyect\/","url":"https:\/\/proligna.cl\/index.php\/producto\/placa-mdf-3-mmla-placa-mdf-3-mm-es-un-tablero-de-fibra-de-madera-de-densidad-media-liviano-y-con-una-superficie-perfectamente-lisa-ideal-para-revestimientos-interiores-fondos-de-muebles-y-proyect\/","name":"Placa MDF - 3 mm - Proligna","isPartOf":{"@id":"https:\/\/proligna.cl\/#website"},"datePublished":"2025-11-01T13:34:36+00:00","dateModified":"2025-11-01T15:06:56+00:00","breadcrumb":{"@id":"https:\/\/proligna.cl\/index.php\/producto\/placa-mdf-3-mmla-placa-mdf-3-mm-es-un-tablero-de-fibra-de-madera-de-densidad-media-liviano-y-con-una-superficie-perfectamente-lisa-ideal-para-revestimientos-interiores-fondos-de-muebles-y-proyect\/#breadcrumb"},"inLanguage":"es","potentialAction":[{"@type":"ReadAction","target":["https:\/\/proligna.cl\/index.php\/producto\/placa-mdf-3-mmla-placa-mdf-3-mm-es-un-tablero-de-fibra-de-madera-de-densidad-media-liviano-y-con-una-superficie-perfectamente-lisa-ideal-para-revestimientos-interiores-fondos-de-muebles-y-proyect\/"]}]},{"@type":"BreadcrumbList","@id":"https:\/\/proligna.cl\/index.php\/producto\/placa-mdf-3-mmla-placa-mdf-3-mm-es-un-tablero-de-fibra-de-madera-de-densidad-media-liviano-y-con-una-superficie-perfectamente-lisa-ideal-para-revestimientos-interiores-fondos-de-muebles-y-proyect\/#breadcrumb","itemListElement":[{"@type":"ListItem","position":1,"name":"Portada","item":"https:\/\/proligna.cl\/"},{"@type":"ListItem","position":2,"name":"Placa MDF &#8211; 3 mm"}]},{"@type":"WebSite","@id":"https:\/\/proligna.cl\/#website","url":"https:\/\/proligna.cl\/","name":"Proligna","description":"","publisher":{"@id":"https:\/\/proligna.cl\/#organization"},"potentialAction":[{"@type":"SearchAction","target":{"@type":"EntryPoint","urlTemplate":"https:\/\/proligna.cl\/?s={search_term_string}"},"query-input":{"@type":"PropertyValueSpecification","valueRequired":true,"valueName":"search_term_string"}}],"inLanguage":"es"},{"@type":"Organization","@id":"https:\/\/proligna.cl\/#organization","name":"Proligna","alternateName":"Proligna","url":"https:\/\/proligna.cl\/","logo":{"@type":"ImageObject","inLanguage":"es","@id":"https:\/\/proligna.cl\/#\/schema\/logo\/image\/","url":"https:\/\/proligna.cl\/wp-content\/uploads\/2025\/11\/cropped-Logo.png","contentUrl":"https:\/\/proligna.cl\/wp-content\/uploads\/2025\/11\/cropped-Logo.png","width":512,"height":512,"caption":"Proligna"},"image":{"@id":"https:\/\/proligna.cl\/#\/schema\/logo\/image\/"}}]}},"_links":{"self":[{"href":"https:\/\/proligna.cl\/index.php\/wp-json\/wp\/v2\/product\/530","targetHints":{"allow":["GET"]}}],"collection":[{"href":"https:\/\/proligna.cl\/index.php\/wp-json\/wp\/v2\/product"}],"about":[{"href":"https:\/\/proligna.cl\/index.php\/wp-json\/wp\/v2\/types\/product"}],"replies":[{"embeddable":true,"href":"https:\/\/proligna.cl\/index.php\/wp-json\/wp\/v2\/comments?post=530"}],"wp:attachment":[{"href":"https:\/\/proligna.cl\/index.php\/wp-json\/wp\/v2\/media?parent=530"}],"wp:term":[{"taxonomy":"product_brand","embeddable":true,"href":"https:\/\/proligna.cl\/index.php\/wp-json\/wp\/v2\/product_brand?post=530"},{"taxonomy":"product_cat","embeddable":true,"href":"https:\/\/proligna.cl\/index.php\/wp-json\/wp\/v2\/product_cat?post=530"},{"taxonomy":"product_tag","embeddable":true,"href":"https:\/\/proligna.cl\/index.php\/wp-json\/wp\/v2\/product_tag?post=530"}],"curies":[{"name":"wp","href":"https:\/\/api.w.org\/{rel}","templated":true}]}}

<p class="p1">La <span class="s1"><b>placa MDF 3 mm</b></span> es un tablero de <span class="s1"><b>fibra de madera de densidad media</b></span>, liviano y con una <span class="s1"><b>superficie perfectamente lisa</b></span>, ideal para <span class="s1"><b>revestimientos interiores, fondos de muebles y proyectos decorativos</b></span>. Se puede cortar fácilmente y admite todo tipo de terminaciones: pintura, vinilos, adhesivos y enchapes.</p>
<ul>
<li>
<p class="p1">✅ <span class="s1"><b>Espesor 3 mm</b></span>: delgado, liviano y fácil de manipular.</p>
</li>
<li>
<p class="p1">✅ <span class="s1"><b>Superficie lisa y homogénea</b></span>: ideal para acabados finos.</p>
</li>
<li>
<p class="p1">✅ <span class="s1"><b>Excelente estabilidad</b></span> para muebles y revestimientos interiores.</p>
</li>
<li>
<p class="p1">✅ Permite <span class="s1"><b>cortes precisos</b></span> y trabajabilidad en carpintería.</p>
</li>
<li>
<p class="p1"><span class="s1">✅ Compatible con </span><b>pintura, barniz, papel mural y chapas de madera</b><span class="s1">.</span></p>
</li>
</ul>
<p class="p1">Una solución <span class="s1"><b>económica, versátil y decorativa</b></span> para múltiples aplicaciones en carpintería y diseño.</p>

<p class="p1">El <span class="s1"><b>MDF 3 mm</b></span> es perfecto para fondos de muebles, revestimientos y proyectos creativos. Superficie lisa y fácil de trabajar.</p>

<!-- This site is optimized with the Yoast SEO plugin v26.5 - https://yoast.com/wordpress/plugins/seo/ -->
<title>Placa MDF - 3 mm - Proligna</title>
<meta name="robots" content="index, follow, max-snippet:-1, max-image-preview:large, max-video-preview:-1" />
<link rel="canonical" href="https://proligna.cl/index.php/producto/placa-mdf-3-mmla-placa-mdf-3-mm-es-un-tablero-de-fibra-de-madera-de-densidad-media-liviano-y-con-una-superficie-perfectamente-lisa-ideal-para-revestimientos-interiores-fondos-de-muebles-y-proyect/" />
<meta property="og:locale" content="es_ES" />
<meta property="og:type" content="article" />
<meta property="og:title" content="Placa MDF - 3 mm - Proligna" />
<meta property="og:description" content="El MDF 3 mm es perfecto para fondos de muebles, revestimientos y proyectos creativos. Superficie lisa y fácil de trabajar." />
<meta property="og:url" content="https://proligna.cl/index.php/producto/placa-mdf-3-mmla-placa-mdf-3-mm-es-un-tablero-de-fibra-de-madera-de-densidad-media-liviano-y-con-una-superficie-perfectamente-lisa-ideal-para-revestimientos-interiores-fondos-de-muebles-y-proyect/" />
<meta property="og:site_name" content="Proligna" />
<meta property="article:modified_time" content="2025-11-01T15:06:56+00:00" />
<meta property="og:image" content="https://proligna.cl/wp-content/uploads/2025/11/cropped-Logo.png" />
	<meta property="og:image:width" content="512" />
	<meta property="og:image:height" content="512" />
	<meta property="og:image:type" content="image/png" />
<meta name="twitter:card" content="summary_large_image" />
<meta name="twitter:label1" content="Tiempo de lectura" />
	<meta name="twitter:data1" content="1 minuto" />
<script type="application/ld+json" class="yoast-schema-graph">{"@context":"https://schema.org","@graph":[{"@type":"WebPage","@id":"https://proligna.cl/index.php/producto/placa-mdf-3-mmla-placa-mdf-3-mm-es-un-tablero-de-fibra-de-madera-de-densidad-media-liviano-y-con-una-superficie-perfectamente-lisa-ideal-para-revestimientos-interiores-fondos-de-muebles-y-proyect/","url":"https://proligna.cl/index.php/producto/placa-mdf-3-mmla-placa-mdf-3-mm-es-un-tablero-de-fibra-de-madera-de-densidad-media-liviano-y-con-una-superficie-perfectamente-lisa-ideal-para-revestimientos-interiores-fondos-de-muebles-y-proyect/","name":"Placa MDF - 3 mm - Proligna","isPartOf":{"@id":"https://proligna.cl/#website"},"datePublished":"2025-11-01T13:34:36+00:00","dateModified":"2025-11-01T15:06:56+00:00","breadcrumb":{"@id":"https://proligna.cl/index.php/producto/placa-mdf-3-mmla-placa-mdf-3-mm-es-un-tablero-de-fibra-de-madera-de-densidad-media-liviano-y-con-una-superficie-perfectamente-lisa-ideal-para-revestimientos-interiores-fondos-de-muebles-y-proyect/#breadcrumb"},"inLanguage":"es","potentialAction":[{"@type":"ReadAction","target":["https://proligna.cl/index.php/producto/placa-mdf-3-mmla-placa-mdf-3-mm-es-un-tablero-de-fibra-de-madera-de-densidad-media-liviano-y-con-una-superficie-perfectamente-lisa-ideal-para-revestimientos-interiores-fondos-de-muebles-y-proyect/"]}]},{"@type":"BreadcrumbList","@id":"https://proligna.cl/index.php/producto/placa-mdf-3-mmla-placa-mdf-3-mm-es-un-tablero-de-fibra-de-madera-de-densidad-media-liviano-y-con-una-superficie-perfectamente-lisa-ideal-para-revestimientos-interiores-fondos-de-muebles-y-proyect/#breadcrumb","itemListElement":[{"@type":"ListItem","position":1,"name":"Portada","item":"https://proligna.cl/"},{"@type":"ListItem","position":2,"name":"Placa MDF &#8211; 3 mm"}]},{"@type":"WebSite","@id":"https://proligna.cl/#website","url":"https://proligna.cl/","name":"Proligna","description":"","publisher":{"@id":"https://proligna.cl/#organization"},"potentialAction":[{"@type":"SearchAction","target":{"@type":"EntryPoint","urlTemplate":"https://proligna.cl/?s={search_term_string}"},"query-input":{"@type":"PropertyValueSpecification","valueRequired":true,"valueName":"search_term_string"}}],"inLanguage":"es"},{"@type":"Organization","@id":"https://proligna.cl/#organization","name":"Proligna","alternateName":"Proligna","url":"https://proligna.cl/","logo":{"@type":"ImageObject","inLanguage":"es","@id":"https://proligna.cl/#/schema/logo/image/","url":"https://proligna.cl/wp-content/uploads/2025/11/cropped-Logo.png","contentUrl":"https://proligna.cl/wp-content/uploads/2025/11/cropped-Logo.png","width":512,"height":512,"caption":"Proligna"},"image":{"@id":"https://proligna.cl/#/schema/logo/image/"}}]}</script>
<!-- / Yoast SEO plugin. -->

El MDF 3 mm es perfecto para fondos de muebles, revestimientos y proyectos creativos. Superficie lisa y fácil de trabajar.
